Last updated on 2025-10-21 01:48:29 CEST.
Flavor | Version | Tinstall | Tcheck | Ttotal | Status | Flags |
---|---|---|---|---|---|---|
r-devel-linux-x86_64-debian-clang | 0.7.7 | 5.20 | 45.94 | 51.14 | OK | |
r-devel-linux-x86_64-debian-gcc | 0.7.7 | 4.25 | 36.12 | 40.37 | NOTE | |
r-devel-linux-x86_64-fedora-clang | 0.7.7 | 77.77 | OK | |||
r-devel-linux-x86_64-fedora-gcc | 0.7.7 | 87.02 | OK | |||
r-devel-windows-x86_64 | 0.7.7 | 8.00 | 67.00 | 75.00 | OK | |
r-patched-linux-x86_64 | 0.7.7 | 5.38 | 42.29 | 47.67 | OK | |
r-release-linux-x86_64 | 0.7.7 | 5.12 | 42.29 | 47.41 | OK | |
r-release-macos-arm64 | 0.7.7 | 46.00 | OK | |||
r-release-macos-x86_64 | 0.7.7 | 68.00 | OK | |||
r-release-windows-x86_64 | 0.7.7 | 7.00 | 69.00 | 76.00 | OK | |
r-oldrel-macos-arm64 | 0.7.7 | 39.00 | OK | |||
r-oldrel-macos-x86_64 | 0.7.7 | 83.00 | OK | |||
r-oldrel-windows-x86_64 | 0.7.7 | 9.00 | 77.00 | 86.00 | OK |
Version: 0.7.7
Check: HTML version of manual
Result: NOTE
Found the following HTML validation problems:
DataSpaceConnection.html:171:1 (DataSpaceConnection.Rd:125): Warning: <h5> anchor "Usage" already defined
DataSpaceConnection.html:187:1 (DataSpaceConnection.Rd:135): Warning: <h5> anchor "Usage" already defined
DataSpaceConnection.html:193:1 (DataSpaceConnection.Rd:139): Warning: <h5> anchor "Arguments" already defined
DataSpaceConnection.html:216:1 (DataSpaceConnection.Rd:152): Warning: <h5> anchor "Usage" already defined
DataSpaceConnection.html:222:1 (DataSpaceConnection.Rd:156): Warning: <h5> anchor "Arguments" already defined
DataSpaceConnection.html:247:1 (DataSpaceConnection.Rd:171): Warning: <h5> anchor "Usage" already defined
DataSpaceConnection.html:253:1 (DataSpaceConnection.Rd:175): Warning: <h5> anchor "Arguments" already defined
DataSpaceConnection.html:278:1 (DataSpaceConnection.Rd:190): Warning: <h5> anchor "Usage" already defined
DataSpaceConnection.html:294:1 (DataSpaceConnection.Rd:200): Warning: <h5> anchor "Usage" already defined
DataSpaceConnection.html:310:1 (DataSpaceConnection.Rd:210): Warning: <h5> anchor "Usage" already defined
DataSpaceConnection.html:321:1 (DataSpaceConnection.Rd:219): Warning: <h5> anchor "Arguments" already defined
DataSpaceConnection.html:352:1 (DataSpaceConnection.Rd:240): Warning: <h5> anchor "Usage" already defined
DataSpaceConnection.html:368:1 (DataSpaceConnection.Rd:250): Warning: <h5> anchor "Usage" already defined
DataSpaceConnection.html:374:1 (DataSpaceConnection.Rd:254): Warning: <h5> anchor "Arguments" already defined
DataSpaceMab.html:133:1 (DataSpaceMab.Rd:111): Warning: <h5> anchor "Usage" already defined
DataSpaceMab.html:149:1 (DataSpaceMab.Rd:121): Warning: <h5> anchor "Usage" already defined
DataSpaceMab.html:165:1 (DataSpaceMab.Rd:131): Warning: <h5> anchor "Usage" already defined
DataSpaceMab.html:181:1 (DataSpaceMab.Rd:141): Warning: <h5> anchor "Usage" already defined
DataSpaceMab.html:187:1 (DataSpaceMab.Rd:145): Warning: <h5> anchor "Arguments" already defined
DataSpaceStudy.html:150:1 (DataSpaceStudy.Rd:124): Warning: <h5> anchor "Usage" already defined
DataSpaceStudy.html:166:1 (DataSpaceStudy.Rd:134): Warning: <h5> anchor "Usage" already defined
DataSpaceStudy.html:179:1 (DataSpaceStudy.Rd:145): Warning: <h5> anchor "Arguments" already defined
DataSpaceStudy.html:221:1 (DataSpaceStudy.Rd:177): Warning: <h5> anchor "Usage" already defined
DataSpaceStudy.html:237:1 (DataSpaceStudy.Rd:187): Warning: <h5> anchor "Usage" already defined
DataSpaceStudy.html:243:1 (DataSpaceStudy.Rd:191): Warning: <h5> anchor "Arguments" already defined
DataSpaceStudy.html:270:1 (DataSpaceStudy.Rd:208): Warning: <h5> anchor "Usage" already defined
DataSpaceStudy.html:276:1 (DataSpaceStudy.Rd:212): Warning: <h5> anchor "Arguments" already defined
DataSpaceStudy.html:299:1 (DataSpaceStudy.Rd:225): Warning: <h5> anchor "Usage" already defined
DataSpaceStudy.html:315:1 (DataSpaceStudy.Rd:235): Warning: <h5> anchor "Usage" already defined
DataSpaceStudy.html:321:1 (DataSpaceStudy.Rd:239): Warning: <h5> anchor "Arguments" already defined
Flavor: r-devel-linux-x86_64-debian-gcc