Last updated on 2025-11-15 02:52:58 CET.
| Flavor | Version | Tinstall | Tcheck | Ttotal | Status | Flags |
|---|---|---|---|---|---|---|
| r-devel-linux-x86_64-debian-clang | 0.1.3 | 2.19 | 78.30 | 80.49 | OK | |
| r-devel-linux-x86_64-debian-gcc | 0.1.3 | 1.74 | 59.86 | 61.60 | OK | |
| r-devel-linux-x86_64-fedora-clang | 0.1.3 | 113.42 | OK | |||
| r-devel-linux-x86_64-fedora-gcc | 0.1.3 | 126.48 | OK | |||
| r-devel-windows-x86_64 | 0.1.3 | 12.00 | 81.00 | 93.00 | NOTE | |
| r-patched-linux-x86_64 | 0.1.3 | 2.41 | 77.25 | 79.66 | OK | |
| r-release-linux-x86_64 | 0.1.3 | 2.03 | 75.79 | 77.82 | OK | |
| r-release-macos-arm64 | 0.1.3 | 3.00 | 22.00 | 25.00 | OK | |
| r-release-macos-x86_64 | 0.1.3 | 6.00 | 43.00 | 49.00 | OK | |
| r-release-windows-x86_64 | 0.1.3 | 6.00 | 82.00 | 88.00 | NOTE | |
| r-oldrel-macos-arm64 | 0.1.3 | 3.00 | 27.00 | 30.00 | OK | |
| r-oldrel-macos-x86_64 | 0.1.3 | 6.00 | 44.00 | 50.00 | OK | |
| r-oldrel-windows-x86_64 | 0.1.3 | 14.00 | 105.00 | 119.00 | NOTE |
Version: 0.1.3
Check: whether startup messages can be suppressed
Result: NOTE
Torch libraries are installed but loading them was unsuccessful.
It looks like this package (or a package it requires) has a startup
message which cannot be suppressed: see ?packageStartupMessage.
Flavors: r-devel-windows-x86_64, r-release-windows-x86_64, r-oldrel-windows-x86_64