Last updated on 2024-08-16 01:48:17 CEST.
Flavor | Version | Tinstall | Tcheck | Ttotal | Status | Flags |
---|---|---|---|---|---|---|
r-devel-linux-x86_64-debian-clang | 0.5.5 | 12.25 | 35.45 | 47.70 | NOTE | |
r-devel-linux-x86_64-debian-gcc | 0.5.5 | 8.98 | 26.14 | 35.12 | NOTE | |
r-devel-linux-x86_64-fedora-clang | 0.5.5 | 75.01 | NOTE | |||
r-devel-linux-x86_64-fedora-gcc | 0.5.5 | 87.76 | NOTE | |||
r-devel-windows-x86_64 | 0.5.5 | 38.00 | 59.00 | 97.00 | NOTE | |
r-patched-linux-x86_64 | 0.5.5 | 11.81 | 31.41 | 43.22 | NOTE | |
r-release-linux-x86_64 | 0.5.5 | 11.50 | 31.54 | 43.04 | NOTE | |
r-release-macos-arm64 | 0.5.5 | 34.00 | NOTE | |||
r-release-macos-x86_64 | 0.5.5 | 55.00 | NOTE | |||
r-release-windows-x86_64 | 0.5.5 | 42.00 | 60.00 | 102.00 | NOTE | |
r-oldrel-macos-arm64 | 0.5.5 | 35.00 | NOTE | |||
r-oldrel-macos-x86_64 | 0.5.5 | 89.00 | NOTE | |||
r-oldrel-windows-x86_64 | 0.5.5 | 37.00 | 63.00 | 100.00 | NOTE |
Version: 0.5.5
Check: for GNU extensions in Makefiles
Result: NOTE
GNU make is a SystemRequirements.
Flavors: r-devel-linux-x86_64-debian-clang, r-devel-linux-x86_64-debian-gcc, r-devel-linux-x86_64-fedora-clang, r-devel-linux-x86_64-fedora-gcc, r-devel-windows-x86_64, r-patched-linux-x86_64, r-release-linux-x86_64, r-release-macos-arm64, r-release-macos-x86_64, r-release-windows-x86_64, r-oldrel-macos-arm64, r-oldrel-macos-x86_64, r-oldrel-windows-x86_64