Last updated on 2025-02-10 02:49:51 CET.
Flavor | Version | Tinstall | Tcheck | Ttotal | Status | Flags |
---|---|---|---|---|---|---|
r-devel-linux-x86_64-debian-clang | 2.0.6.1 | 7.74 | 80.23 | 87.97 | NOTE | |
r-devel-linux-x86_64-debian-gcc | 2.0.6.1 | 5.19 | 60.18 | 65.37 | NOTE | |
r-devel-linux-x86_64-fedora-clang | 2.0.6.1 | 148.29 | OK | |||
r-devel-linux-x86_64-fedora-gcc | 2.0.6.1 | 150.61 | OK | |||
r-devel-windows-x86_64 | 2.0.6.1 | 13.00 | 108.00 | 121.00 | NOTE | --no-vignettes |
r-patched-linux-x86_64 | 2.0.6.1 | 10.15 | 74.72 | 84.87 | OK | |
r-release-linux-x86_64 | 2.0.6.1 | 7.56 | 75.24 | 82.80 | OK | |
r-release-macos-arm64 | 2.0.6.1 | 50.00 | OK | |||
r-release-macos-x86_64 | 2.0.6.1 | 74.00 | OK | |||
r-release-windows-x86_64 | 2.0.6.1 | 10.00 | 110.00 | 120.00 | OK | --no-vignettes |
r-oldrel-macos-arm64 | 2.0.6.1 | 53.00 | OK | |||
r-oldrel-macos-x86_64 | 2.0.6.1 | 82.00 | OK | |||
r-oldrel-windows-x86_64 | 2.0.6.1 | 12.00 | 114.00 | 126.00 | OK | --no-vignettes |
Version: 2.0.6.1
Check: Rd cross-references
Result: NOTE
Found the following Rd file(s) with Rd \link{} targets missing package
anchors:
write_eml.Rd: write_xml
Please provide package anchors for all Rd \link{} targets not in the
package itself and the base packages.
Flavors: r-devel-linux-x86_64-debian-clang, r-devel-linux-x86_64-debian-gcc
Version: 2.0.6.1
Flags: --no-vignettes
Check: Rd cross-references
Result: NOTE
Found the following Rd file(s) with Rd \link{} targets missing package
anchors:
write_eml.Rd: write_xml
Please provide package anchors for all Rd \link{} targets not in the
package itself and the base packages.
Flavor: r-devel-windows-x86_64