Last updated on 2024-08-16 01:48:17 CEST.
Flavor | Version | Tinstall | Tcheck | Ttotal | Status | Flags |
---|---|---|---|---|---|---|
r-devel-linux-x86_64-debian-clang | 2.0.4 | 36.53 | 499.49 | 536.02 | OK | |
r-devel-linux-x86_64-debian-gcc | 2.0.4 | 20.97 | 309.19 | 330.16 | OK | |
r-devel-linux-x86_64-fedora-clang | 2.0.4 | 835.84 | NOTE | |||
r-devel-linux-x86_64-fedora-gcc | 2.0.4 | 797.01 | NOTE | |||
r-devel-windows-x86_64 | 2.0.4 | 33.00 | 444.00 | 477.00 | OK | |
r-patched-linux-x86_64 | 2.0.4 | 29.19 | 440.38 | 469.57 | OK | |
r-release-linux-x86_64 | 2.0.4 | 31.70 | 440.40 | 472.10 | OK | |
r-release-macos-arm64 | 2.0.4 | 164.00 | OK | |||
r-release-macos-x86_64 | 2.0.4 | 312.00 | OK | |||
r-release-windows-x86_64 | 2.0.4 | 33.00 | 426.00 | 459.00 | OK | |
r-oldrel-macos-arm64 | 2.0.4 | 195.00 | OK | |||
r-oldrel-macos-x86_64 | 2.0.4 | 367.00 | OK | |||
r-oldrel-windows-x86_64 | 2.0.4 | 45.00 | 543.00 | 588.00 | OK |
Version: 2.0.4
Check: data for non-ASCII characters
Result: NOTE
Note: found 2 marked UTF-8 strings
Flavors: r-devel-linux-x86_64-fedora-clang, r-devel-linux-x86_64-fedora-gcc