CRAN Package Check Results for Package EPX

Last updated on 2025-10-25 01:50:58 CEST.

Flavor Version Tinstall Tcheck Ttotal Status Flags
r-devel-linux-x86_64-debian-clang 1.0.4 3.30 38.35 41.65 NOTE
r-devel-linux-x86_64-debian-gcc 1.0.4 2.79 30.65 33.44 NOTE
r-devel-linux-x86_64-fedora-clang 1.0.4 61.52 OK
r-devel-linux-x86_64-fedora-gcc 1.0.4 72.89 OK
r-devel-windows-x86_64 1.0.4 7.00 63.00 70.00 OK
r-patched-linux-x86_64 1.0.4 3.61 36.68 40.29 OK
r-release-linux-x86_64 1.0.4 3.69 37.04 40.73 OK
r-release-macos-arm64 1.0.4 3.00 46.00 49.00 OK
r-release-macos-x86_64 1.0.4 6.00 72.00 78.00 OK
r-release-windows-x86_64 1.0.4 9.00 67.00 76.00 OK
r-oldrel-macos-arm64 1.0.4 3.00 28.00 31.00 OK
r-oldrel-macos-x86_64 1.0.4 5.00 39.00 44.00 OK
r-oldrel-windows-x86_64 1.0.4 9.00 73.00 82.00 OK

Check Details

Version: 1.0.4
Check: CRAN incoming feasibility
Result: NOTE Maintainer: ‘Jabed Tomal <jtomal@tru.ca>’ The Description field contains <arXiv:1706.06971> for more details. Please refer to arXiv e-prints via their arXiv DOI <doi:10.48550/arXiv.YYMM.NNNNN>. Flavors: r-devel-linux-x86_64-debian-clang, r-devel-linux-x86_64-debian-gcc