Last updated on 2024-08-16 01:48:17 CEST.
Flavor | Version | Tinstall | Tcheck | Ttotal | Status | Flags |
---|---|---|---|---|---|---|
r-devel-linux-x86_64-debian-clang | 0.2.0 | 2.72 | 118.60 | 121.32 | NOTE | |
r-devel-linux-x86_64-debian-gcc | 0.2.0 | 1.56 | 99.28 | 100.84 | NOTE | |
r-devel-linux-x86_64-fedora-clang | 0.2.0 | 226.67 | OK | |||
r-devel-linux-x86_64-fedora-gcc | 0.2.0 | 249.64 | OK | |||
r-devel-windows-x86_64 | 0.2.0 | 4.00 | 321.00 | 325.00 | NOTE | |
r-patched-linux-x86_64 | 0.2.0 | 7.36 | 128.80 | 136.16 | OK | |
r-release-linux-x86_64 | 0.2.0 | 2.41 | 129.14 | 131.55 | OK | |
r-release-macos-arm64 | 0.2.0 | 60.00 | OK | |||
r-release-macos-x86_64 | 0.2.0 | 160.00 | OK | |||
r-release-windows-x86_64 | 0.2.0 | 6.00 | 295.00 | 301.00 | OK | |
r-oldrel-macos-arm64 | 0.2.0 | 62.00 | OK | |||
r-oldrel-macos-x86_64 | 0.2.0 | 124.00 | OK | |||
r-oldrel-windows-x86_64 | 0.2.0 | 5.00 | 317.00 | 322.00 | OK |
Version: 0.2.0
Check: Rd cross-references
Result: NOTE
Found the following Rd file(s) with Rd \link{} targets missing package
anchors:
simulate_background_earthquakes.Rd: etas
Please provide package anchors for all Rd \link{} targets not in the
package itself and the base packages.
Flavors: r-devel-linux-x86_64-debian-clang, r-devel-linux-x86_64-debian-gcc, r-devel-windows-x86_64