Last updated on 2024-08-16 01:48:17 CEST.
Flavor | Version | Tinstall | Tcheck | Ttotal | Status | Flags |
---|---|---|---|---|---|---|
r-devel-linux-x86_64-debian-clang | 1.1 | 9.51 | 87.67 | 97.18 | NOTE | |
r-devel-linux-x86_64-debian-gcc | 1.1 | 5.74 | 55.63 | 61.37 | NOTE | |
r-devel-linux-x86_64-fedora-clang | 1.1 | 151.22 | OK | |||
r-devel-linux-x86_64-fedora-gcc | 1.1 | 140.71 | OK | |||
r-devel-windows-x86_64 | 1.1 | 11.00 | 96.00 | 107.00 | NOTE | |
r-patched-linux-x86_64 | 1.1 | 13.63 | 78.15 | 91.78 | OK | |
r-release-linux-x86_64 | 1.1 | 8.23 | 78.47 | 86.70 | OK | |
r-release-macos-arm64 | 1.1 | 40.00 | OK | |||
r-release-macos-x86_64 | 1.1 | 62.00 | OK | |||
r-release-windows-x86_64 | 1.1 | 11.00 | 96.00 | 107.00 | OK | |
r-oldrel-macos-arm64 | 1.1 | 43.00 | OK | |||
r-oldrel-macos-x86_64 | 1.1 | 68.00 | OK | |||
r-oldrel-windows-x86_64 | 1.1 | 15.00 | 115.00 | 130.00 | OK |
Version: 1.1
Check: Rd cross-references
Result: NOTE
Found the following Rd file(s) with Rd \link{} targets missing package
anchors:
freq_binom_one_simons_twostage.Rd: ph2simon
Please provide package anchors for all Rd \link{} targets not in the
package itself and the base packages.
Flavors: r-devel-linux-x86_64-debian-clang, r-devel-linux-x86_64-debian-gcc, r-devel-windows-x86_64