Last updated on 2025-05-18 02:49:36 CEST.
Flavor | Version | Tinstall | Tcheck | Ttotal | Status | Flags |
---|---|---|---|---|---|---|
r-devel-linux-x86_64-debian-clang | 1.0.1 | 37.28 | 24.86 | 62.14 | NOTE | |
r-devel-linux-x86_64-debian-gcc | 1.0.1 | 24.74 | 19.93 | 44.67 | NOTE | |
r-devel-linux-x86_64-fedora-clang | 1.0.1 | 116.29 | NOTE | |||
r-devel-linux-x86_64-fedora-gcc | 1.0.1 | 105.20 | NOTE | |||
r-devel-windows-x86_64 | 1.0.1 | 44.00 | 58.00 | 102.00 | NOTE | |
r-patched-linux-x86_64 | 1.0.1 | 33.00 | 22.93 | 55.93 | NOTE | |
r-release-linux-x86_64 | 1.0.1 | 32.92 | 23.66 | 56.58 | NOTE | |
r-release-macos-arm64 | 1.0.1 | 32.00 | NOTE | |||
r-release-macos-x86_64 | 1.0.1 | 38.00 | NOTE | |||
r-release-windows-x86_64 | 1.0.1 | 41.00 | 69.00 | 110.00 | NOTE | |
r-oldrel-macos-arm64 | 1.0.1 | 31.00 | NOTE | |||
r-oldrel-macos-x86_64 | 1.0.1 | 44.00 | NOTE | |||
r-oldrel-windows-x86_64 | 1.0.1 | 51.00 | 72.00 | 123.00 | NOTE |
Version: 1.0.1
Check: C++ specification
Result: NOTE
Specified C++11: please drop specification unless essential
Flavors: r-devel-linux-x86_64-debian-clang, r-devel-linux-x86_64-debian-gcc, r-devel-linux-x86_64-fedora-clang, r-devel-linux-x86_64-fedora-gcc, r-devel-windows-x86_64, r-patched-linux-x86_64, r-release-linux-x86_64, r-release-macos-arm64, r-release-macos-x86_64, r-release-windows-x86_64, r-oldrel-macos-arm64, r-oldrel-macos-x86_64, r-oldrel-windows-x86_64