CRAN Package Check Results for Package FER

Last updated on 2025-11-11 02:50:40 CET.

Flavor Version Tinstall Tcheck Ttotal Status Flags
r-devel-linux-x86_64-debian-clang 0.94 2.03 23.26 25.29 OK
r-devel-linux-x86_64-debian-gcc 0.94 1.66 18.66 20.32 OK
r-devel-linux-x86_64-fedora-clang 0.94 36.82 OK
r-devel-linux-x86_64-fedora-gcc 0.94 35.53 OK
r-devel-windows-x86_64 0.94 5.00 44.00 49.00 OK
r-patched-linux-x86_64 0.94 2.46 21.94 24.40 OK
r-release-linux-x86_64 0.94 2.09 21.63 23.72 OK
r-release-macos-arm64 0.94 1.00 16.00 17.00 OK
r-release-macos-x86_64 0.94 2.00 24.00 26.00 OK
r-release-windows-x86_64 0.94 3.00 43.00 46.00 OK
r-oldrel-macos-arm64 0.94 1.00 14.00 15.00 NOTE
r-oldrel-macos-x86_64 0.94 2.00 20.00 22.00 NOTE
r-oldrel-windows-x86_64 0.94 3.00 48.00 51.00 NOTE

Check Details

Version: 0.94
Check: LazyData
Result: NOTE 'LazyData' is specified without a 'data' directory Flavors: r-oldrel-macos-arm64, r-oldrel-macos-x86_64, r-oldrel-windows-x86_64