Last updated on 2025-02-10 02:49:52 CET.
Flavor | Version | Tinstall | Tcheck | Ttotal | Status | Flags |
---|---|---|---|---|---|---|
r-devel-linux-x86_64-debian-clang | 1.1.1 | 12.91 | 127.24 | 140.15 | OK | |
r-devel-linux-x86_64-debian-gcc | 1.1.1 | 9.48 | 86.92 | 96.40 | ERROR | |
r-devel-linux-x86_64-fedora-clang | 1.1.1 | 224.80 | OK | |||
r-devel-linux-x86_64-fedora-gcc | 1.1.1 | 222.46 | OK | |||
r-devel-windows-x86_64 | 1.1.1 | 15.00 | 121.00 | 136.00 | OK | |
r-patched-linux-x86_64 | 1.1.1 | 13.33 | 115.88 | 129.21 | OK | |
r-release-linux-x86_64 | 1.1.1 | 11.84 | 116.73 | 128.57 | OK | |
r-release-macos-arm64 | 1.1.1 | 65.00 | OK | |||
r-release-macos-x86_64 | 1.1.1 | 105.00 | OK | |||
r-release-windows-x86_64 | 1.1.1 | 15.00 | 120.00 | 135.00 | OK | |
r-oldrel-macos-arm64 | 1.1.1 | 77.00 | OK | |||
r-oldrel-macos-x86_64 | 1.1.1 | 146.00 | OK | |||
r-oldrel-windows-x86_64 | 1.1.1 | 21.00 | 155.00 | 176.00 | OK |
Version: 1.1.1
Check: re-building of vignette outputs
Result: ERROR
Error(s) in re-building vignettes:
...
--- re-building ‘FFD-tibble-how-to.Rmd’ using rmarkdown
Quitting from lines 36-38 [tbl_all] (FFD-tibble-how-to.Rmd)
Error: processing vignette 'FFD-tibble-how-to.Rmd' failed with diagnostics:
cannot open the connection
--- failed re-building ‘FFD-tibble-how-to.Rmd’
--- re-building ‘FFD-xts-how-to.Rmd’ using rmarkdown
trying URL 'http://mba.tuck.dartmouth.edu/pages/faculty/ken.french/ftp/F-F_Research_Data_Factors_CSV.zip'
trying URL 'http://mba.tuck.dartmouth.edu/pages/faculty/ken.french/ftp/F-F_Momentum_Factor_CSV.zip'
** Processing: VIGNETTE-xts_process2-1.png
768x384 pixels, 3x8 bits/pixel, RGB
Input IDAT size = 58659 bytes
Input file size = 58821 bytes
Trying:
zc = 9 zm = 8 zs = 0 f = 0 IDAT size = 50019
zc = 9 zm = 8 zs = 1 f = 0
zc = 1 zm = 8 zs = 2 f = 0
zc = 9 zm = 8 zs = 3 f = 0
zc = 9 zm = 8 zs = 0 f = 5
zc = 9 zm = 8 zs = 1 f = 5
zc = 1 zm = 8 zs = 2 f = 5
zc = 9 zm = 8 zs = 3 f = 5
Selecting parameters:
zc = 9 zm = 8 zs = 0 f = 0 IDAT size = 50019
Output IDAT size = 50019 bytes (8640 bytes decrease)
Output file size = 50097 bytes (8724 bytes = 14.83% decrease)
--- finished re-building ‘FFD-xts-how-to.Rmd’
SUMMARY: processing the following file failed:
‘FFD-tibble-how-to.Rmd’
Error: Vignette re-building failed.
Execution halted
Flavor: r-devel-linux-x86_64-debian-gcc