Last updated on 2025-02-05 02:48:48 CET.
Flavor | Version | Tinstall | Tcheck | Ttotal | Status | Flags |
---|---|---|---|---|---|---|
r-devel-linux-x86_64-debian-clang | 1.9 | 12.37 | 93.21 | 105.58 | NOTE | |
r-devel-linux-x86_64-debian-gcc | 1.9 | 8.18 | 66.08 | 74.26 | NOTE | |
r-devel-linux-x86_64-fedora-clang | 1.9 | 179.43 | OK | |||
r-devel-linux-x86_64-fedora-gcc | 1.9 | 161.02 | OK | |||
r-devel-windows-x86_64 | 1.9 | 16.00 | 97.00 | 113.00 | NOTE | |
r-patched-linux-x86_64 | 1.9 | 17.74 | 85.41 | 103.15 | OK | |
r-release-linux-x86_64 | 1.9 | 9.56 | 82.75 | 92.31 | OK | |
r-release-macos-arm64 | 1.9 | 48.00 | OK | |||
r-release-macos-x86_64 | 1.9 | 67.00 | OK | |||
r-release-windows-x86_64 | 1.9 | 16.00 | 96.00 | 112.00 | OK | |
r-oldrel-macos-arm64 | 1.9 | 50.00 | OK | |||
r-oldrel-macos-x86_64 | 1.9 | 127.00 | OK | |||
r-oldrel-windows-x86_64 | 1.9 | 19.00 | 119.00 | 138.00 | OK |
Version: 1.9
Check: Rd cross-references
Result: NOTE
Found the following Rd file(s) with Rd \link{} targets missing package
anchors:
Investigate.Rd: CA
classif.Rd: HCPC
description.Rd: CA
factoGraph.Rd: CA
graphHab.Rd: CA
Please provide package anchors for all Rd \link{} targets not in the
package itself and the base packages.
Flavors: r-devel-linux-x86_64-debian-clang, r-devel-linux-x86_64-debian-gcc, r-devel-windows-x86_64