Last updated on 2025-05-17 02:53:20 CEST.
Flavor | Version | Tinstall | Tcheck | Ttotal | Status | Flags |
---|---|---|---|---|---|---|
r-devel-linux-x86_64-debian-clang | 0.1.4 | 21.64 | 19.28 | 40.92 | OK | |
r-devel-linux-x86_64-debian-gcc | 0.1.4 | 18.36 | 17.65 | 36.01 | OK | |
r-devel-linux-x86_64-fedora-clang | 0.1.4 | 67.56 | OK | |||
r-devel-linux-x86_64-fedora-gcc | 0.1.4 | 80.99 | OK | |||
r-devel-windows-x86_64 | 0.1.4 | 24.00 | 46.00 | 70.00 | OK | |
r-patched-linux-x86_64 | 0.1.4 | 24.46 | 20.94 | 45.40 | OK | |
r-release-linux-x86_64 | 0.1.4 | 23.87 | 20.91 | 44.78 | OK | |
r-release-macos-arm64 | 0.1.4 | 24.00 | OK | |||
r-release-macos-x86_64 | 0.1.4 | 50.00 | OK | |||
r-release-windows-x86_64 | 0.1.4 | 25.00 | 46.00 | 71.00 | OK | |
r-oldrel-macos-arm64 | 0.1.4 | 25.00 | NOTE | |||
r-oldrel-macos-x86_64 | 0.1.4 | 47.00 | NOTE | |||
r-oldrel-windows-x86_64 | 0.1.4 | 28.00 | 51.00 | 79.00 | OK |
Version: 0.1.4
Check: installed package size
Result: NOTE
installed size is 11.2Mb
sub-directories of 1Mb or more:
libs 11.1Mb
Flavors: r-oldrel-macos-arm64, r-oldrel-macos-x86_64