Last updated on 2024-08-16 01:48:18 CEST.
Flavor | Version | Tinstall | Tcheck | Ttotal | Status | Flags |
---|---|---|---|---|---|---|
r-devel-linux-x86_64-debian-clang | 0.2.2 | 19.27 | 56.50 | 75.77 | OK | |
r-devel-linux-x86_64-debian-gcc | 0.2.2 | 14.44 | 37.32 | 51.76 | OK | |
r-devel-linux-x86_64-fedora-clang | 0.2.2 | 136.14 | NOTE | |||
r-devel-linux-x86_64-fedora-gcc | 0.2.2 | 140.93 | NOTE | |||
r-devel-windows-x86_64 | 0.2.2 | 27.00 | 88.00 | 115.00 | OK | |
r-patched-linux-x86_64 | 0.2.2 | 19.55 | 51.42 | 70.97 | OK | |
r-release-linux-x86_64 | 0.2.2 | 20.11 | 50.51 | 70.62 | OK | |
r-release-macos-arm64 | 0.2.2 | 40.00 | OK | |||
r-release-macos-x86_64 | 0.2.2 | 68.00 | OK | |||
r-release-windows-x86_64 | 0.2.2 | 27.00 | 88.00 | 115.00 | OK | |
r-oldrel-macos-arm64 | 0.2.2 | 48.00 | OK | |||
r-oldrel-macos-x86_64 | 0.2.2 | 81.00 | OK | |||
r-oldrel-windows-x86_64 | 0.2.2 | 31.00 | 103.00 | 134.00 | OK |
Version: 0.2.2
Check: dependencies in R code
Result: NOTE
Namespaces in Imports field not imported from:
‘kableExtra’ ‘knitr’ ‘rmarkdown’
All declared Imports should be used.
Flavors: r-devel-linux-x86_64-fedora-clang, r-devel-linux-x86_64-fedora-gcc