Last updated on 2024-08-16 01:48:19 CEST.
Flavor | Version | Tinstall | Tcheck | Ttotal | Status | Flags |
---|---|---|---|---|---|---|
r-devel-linux-x86_64-debian-clang | 0.1.1 | 59.25 | 25.49 | 84.74 | NOTE | |
r-devel-linux-x86_64-debian-gcc | 0.1.1 | 45.66 | 19.17 | 64.83 | NOTE | |
r-devel-linux-x86_64-fedora-clang | 0.1.1 | 167.84 | NOTE | |||
r-devel-linux-x86_64-fedora-gcc | 0.1.1 | 185.79 | NOTE | |||
r-devel-windows-x86_64 | 0.1.1 | 70.00 | 64.00 | 134.00 | NOTE | |
r-patched-linux-x86_64 | 0.1.1 | 68.36 | 23.07 | 91.43 | NOTE | |
r-release-linux-x86_64 | 0.1.1 | 69.84 | 23.17 | 93.01 | NOTE | |
r-release-macos-arm64 | 0.1.1 | 41.00 | NOTE | |||
r-release-macos-x86_64 | 0.1.1 | 42.00 | NOTE | |||
r-release-windows-x86_64 | 0.1.1 | 71.00 | 64.00 | 135.00 | NOTE | |
r-oldrel-macos-arm64 | 0.1.1 | 50.00 | NOTE | |||
r-oldrel-macos-x86_64 | 0.1.1 | 85.00 | NOTE | |||
r-oldrel-windows-x86_64 | 0.1.1 | 82.00 | 75.00 | 157.00 | NOTE |
Version: 0.1.1
Check: C++ specification
Result: NOTE
Specified C++11: please drop specification unless essential
Flavors: r-devel-linux-x86_64-debian-clang, r-devel-linux-x86_64-debian-gcc, r-devel-linux-x86_64-fedora-clang, r-devel-linux-x86_64-fedora-gcc, r-devel-windows-x86_64, r-patched-linux-x86_64, r-release-linux-x86_64, r-release-macos-arm64, r-release-macos-x86_64, r-release-windows-x86_64, r-oldrel-macos-arm64, r-oldrel-macos-x86_64, r-oldrel-windows-x86_64