Last updated on 2024-08-16 01:48:19 CEST.
Flavor | Version | Tinstall | Tcheck | Ttotal | Status | Flags |
---|---|---|---|---|---|---|
r-devel-linux-x86_64-debian-clang | 3.1-2 | 30.34 | 236.59 | 266.93 | OK | |
r-devel-linux-x86_64-debian-gcc | 3.1-2 | 19.24 | 149.63 | 168.87 | OK | |
r-devel-linux-x86_64-fedora-clang | 3.1-2 | 423.44 | NOTE | |||
r-devel-linux-x86_64-fedora-gcc | 3.1-2 | 432.55 | OK | |||
r-devel-windows-x86_64 | 3.1-2 | 30.00 | 267.00 | 297.00 | NOTE | |
r-patched-linux-x86_64 | 3.1-2 | 32.78 | 213.57 | 246.35 | OK | |
r-release-linux-x86_64 | 3.1-2 | 22.52 | 214.71 | 237.23 | OK | |
r-release-macos-arm64 | 3.1-2 | 142.00 | NOTE | |||
r-release-macos-x86_64 | 3.1-2 | 337.00 | NOTE | |||
r-release-windows-x86_64 | 3.1-2 | 31.00 | 267.00 | 298.00 | NOTE | |
r-oldrel-macos-arm64 | 3.1-2 | 165.00 | NOTE | |||
r-oldrel-macos-x86_64 | 3.1-2 | 279.00 | NOTE | |||
r-oldrel-windows-x86_64 | 3.1-2 | 41.00 | 321.00 | 362.00 | NOTE |
Version: 3.1-2
Check: installed package size
Result: NOTE
installed size is 10.0Mb
sub-directories of 1Mb or more:
R 1.0Mb
doc 7.4Mb
Flavors: r-devel-linux-x86_64-fedora-clang, r-devel-windows-x86_64, r-release-macos-arm64, r-release-macos-x86_64, r-release-windows-x86_64, r-oldrel-macos-arm64, r-oldrel-macos-x86_64, r-oldrel-windows-x86_64