Last updated on 2024-08-16 01:48:19 CEST.
Flavor | Version | Tinstall | Tcheck | Ttotal | Status | Flags |
---|---|---|---|---|---|---|
r-devel-linux-x86_64-debian-clang | 1.0.2 | 15.90 | 97.65 | 113.55 | NOTE | |
r-devel-linux-x86_64-debian-gcc | 1.0.2 | 10.59 | 66.29 | 76.88 | NOTE | |
r-devel-linux-x86_64-fedora-clang | 1.0.2 | 173.50 | NOTE | |||
r-devel-linux-x86_64-fedora-gcc | 1.0.2 | 174.36 | OK | |||
r-devel-windows-x86_64 | 1.0.2 | 20.00 | 113.00 | 133.00 | NOTE | |
r-patched-linux-x86_64 | 1.0.2 | 14.73 | 88.00 | 102.73 | OK | |
r-release-linux-x86_64 | 1.0.2 | 13.41 | 87.87 | 101.28 | OK | |
r-release-macos-arm64 | 1.0.2 | 54.00 | OK | |||
r-release-macos-x86_64 | 1.0.2 | 87.00 | OK | |||
r-release-windows-x86_64 | 1.0.2 | 20.00 | 113.00 | 133.00 | OK | |
r-oldrel-macos-arm64 | 1.0.2 | 60.00 | OK | |||
r-oldrel-macos-x86_64 | 1.0.2 | 157.00 | OK | |||
r-oldrel-windows-x86_64 | 1.0.2 | 22.00 | 139.00 | 161.00 | OK |
Version: 1.0.2
Check: Rd cross-references
Result: NOTE
Found the following Rd file(s) with Rd \link{} targets missing package
anchors:
LR_GradientConjugate_gpumatrix.Rd: Matrix-class
gpu.matrix-class.Rd: Matrix-class
gpu.matrix.Rd: Matrix-class
matrix-product.Rd: %&%
Please provide package anchors for all Rd \link{} targets not in the
package itself and the base packages.
Flavors: r-devel-linux-x86_64-debian-clang, r-devel-linux-x86_64-debian-gcc, r-devel-windows-x86_64
Version: 1.0.2
Check: Rd cross-references
Result: NOTE
Undeclared package ‘speedglm’ in Rd xrefs
Flavor: r-devel-linux-x86_64-fedora-clang