Last updated on 2024-08-16 01:48:20 CEST.
Flavor | Version | Tinstall | Tcheck | Ttotal | Status | Flags |
---|---|---|---|---|---|---|
r-devel-linux-x86_64-debian-clang | 0.2.1 | 9.70 | 145.68 | 155.38 | NOTE | |
r-devel-linux-x86_64-debian-gcc | 0.2.1 | 7.99 | 92.30 | 100.29 | NOTE | |
r-devel-linux-x86_64-fedora-clang | 0.2.1 | 239.77 | NOTE | |||
r-devel-linux-x86_64-fedora-gcc | 0.2.1 | 238.27 | NOTE | |||
r-devel-windows-x86_64 | 0.2.1 | 12.00 | 178.00 | 190.00 | NOTE | |
r-patched-linux-x86_64 | 0.2.1 | 10.10 | 127.08 | 137.18 | NOTE | |
r-release-linux-x86_64 | 0.2.1 | 10.17 | 126.75 | 136.92 | NOTE | |
r-release-macos-arm64 | 0.2.1 | 65.00 | NOTE | |||
r-release-macos-x86_64 | 0.2.1 | 99.00 | NOTE | |||
r-release-windows-x86_64 | 0.2.1 | 13.00 | 176.00 | 189.00 | NOTE | |
r-oldrel-macos-arm64 | 0.2.1 | 66.00 | OK | |||
r-oldrel-macos-x86_64 | 0.2.1 | 112.00 | OK | |||
r-oldrel-windows-x86_64 | 0.2.1 | 14.00 | 234.00 | 248.00 | OK |
Version: 0.2.1
Check: Rd files
Result: NOTE
checkRd: (-1) GREMLINS.Rd:11: Lost braces in \itemize; meant \describe ?
checkRd: (-1) GREMLINS.Rd:12: Lost braces in \itemize; meant \describe ?
checkRd: (-1) GREMLINS.Rd:13: Lost braces in \itemize; meant \describe ?
checkRd: (-1) GREMLINS.Rd:14: Lost braces in \itemize; meant \describe ?
checkRd: (-1) GREMLINS.Rd:20: Lost braces in \itemize; meant \describe ?
checkRd: (-1) GREMLINS.Rd:21: Lost braces in \itemize; meant \describe ?
checkRd: (-1) GREMLINS.Rd:22: Lost braces in \itemize; meant \describe ?
checkRd: (-1) GREMLINS.Rd:23: Lost braces in \itemize; meant \describe ?
Flavors: r-devel-linux-x86_64-debian-clang, r-devel-linux-x86_64-debian-gcc, r-devel-linux-x86_64-fedora-clang, r-devel-linux-x86_64-fedora-gcc, r-devel-windows-x86_64, r-patched-linux-x86_64, r-release-linux-x86_64, r-release-macos-arm64, r-release-macos-x86_64, r-release-windows-x86_64