Last updated on 2025-10-21 01:48:33 CEST.
Flavor | Version | Tinstall | Tcheck | Ttotal | Status | Flags |
---|---|---|---|---|---|---|
r-devel-linux-x86_64-debian-clang | 1.0.0 | 27.93 | 67.95 | 95.88 | OK | |
r-devel-linux-x86_64-debian-gcc | 1.0.0 | 19.83 | 51.68 | 71.51 | NOTE | |
r-devel-linux-x86_64-fedora-clang | 1.0.0 | 156.19 | OK | |||
r-devel-linux-x86_64-fedora-gcc | 1.0.0 | 144.00 | OK | |||
r-devel-windows-x86_64 | 1.0.0 | 32.00 | 90.00 | 122.00 | OK | |
r-patched-linux-x86_64 | 1.0.0 | 29.84 | 65.27 | 95.11 | OK | |
r-release-linux-x86_64 | 1.0.0 | 30.26 | 65.57 | 95.83 | OK | |
r-release-macos-arm64 | 1.0.0 | 49.00 | OK | |||
r-release-macos-x86_64 | 1.0.0 | 101.00 | OK | |||
r-release-windows-x86_64 | 1.0.0 | 35.00 | 93.00 | 128.00 | OK | |
r-oldrel-macos-arm64 | 1.0.0 | 46.00 | NOTE | |||
r-oldrel-macos-x86_64 | 1.0.0 | 83.00 | NOTE | |||
r-oldrel-windows-x86_64 | 1.0.0 | 39.00 | 114.00 | 153.00 | NOTE |
Version: 1.0.0
Check: HTML version of manual
Result: NOTE
Found the following HTML validation problems:
group_onehot.html:50:1 (group_onehot.Rd:12): Warning: missing </ul> before </div>
scale_data.html:68:1 (scale_data.Rd:24): Warning: missing </ul> before </div>
select_hbgs.html:58:1 (select_hbgs.Rd:16): Warning: missing </ul> before </div>
Flavor: r-devel-linux-x86_64-debian-gcc
Version: 1.0.0
Check: installed package size
Result: NOTE
installed size is 12.7Mb
sub-directories of 1Mb or more:
extdata 4.5Mb
libs 8.1Mb
Flavors: r-oldrel-macos-arm64, r-oldrel-macos-x86_64, r-oldrel-windows-x86_64