Last updated on 2025-05-12 02:50:00 CEST.
Flavor | Version | Tinstall | Tcheck | Ttotal | Status | Flags |
---|---|---|---|---|---|---|
r-devel-linux-x86_64-debian-clang | 1.0-5 | 14.29 | 43.43 | 57.72 | NOTE | |
r-devel-linux-x86_64-debian-gcc | 1.0-5 | 11.74 | 32.13 | 43.87 | NOTE | |
r-devel-linux-x86_64-fedora-clang | 1.0-5 | 88.57 | OK | |||
r-devel-linux-x86_64-fedora-gcc | 1.0-5 | 84.42 | OK | |||
r-devel-windows-x86_64 | 1.0-5 | 16.00 | 67.00 | 83.00 | OK | |
r-patched-linux-x86_64 | 1.0-5 | 14.22 | 42.30 | 56.52 | NOTE | |
r-release-linux-x86_64 | 1.0-5 | 14.09 | 42.71 | 56.80 | NOTE | |
r-release-macos-arm64 | 1.0-5 | 35.00 | OK | |||
r-release-macos-x86_64 | 1.0-5 | 61.00 | OK | |||
r-release-windows-x86_64 | 1.0-5 | 16.00 | 69.00 | 85.00 | OK | |
r-oldrel-macos-arm64 | 1.0-5 | 34.00 | NOTE | |||
r-oldrel-macos-x86_64 | 1.0-5 | 48.00 | NOTE | |||
r-oldrel-windows-x86_64 | 1.0-5 | 19.00 | 79.00 | 98.00 | NOTE |
Version: 1.0-5
Check: for unstated dependencies in ‘demo’
Result: NOTE
'library' or 'require' calls not declared from:
‘Ecdat’ ‘LowRankQP’ ‘VGAM’ ‘e1071’ ‘fda’ ‘fda.usc’ ‘mlbench’ ‘nlme’
‘quantreg’ ‘refund’ ‘rgl’ ‘rstan’
Flavors: r-devel-linux-x86_64-debian-clang, r-devel-linux-x86_64-debian-gcc, r-patched-linux-x86_64, r-release-linux-x86_64
Version: 1.0-5
Check: installed package size
Result: NOTE
installed size is 8.3Mb
sub-directories of 1Mb or more:
data 7.8Mb
Flavors: r-oldrel-macos-arm64, r-oldrel-macos-x86_64, r-oldrel-windows-x86_64