Last updated on 2024-07-27 01:53:13 CEST.
Flavor | Version | Tinstall | Tcheck | Ttotal | Status | Flags |
---|---|---|---|---|---|---|
r-devel-linux-x86_64-debian-clang | 0.9-8 | 11.78 | 77.67 | 89.45 | OK | |
r-devel-linux-x86_64-debian-gcc | 0.9-8 | 8.40 | 57.81 | 66.21 | NOTE | |
r-devel-linux-x86_64-fedora-clang | 0.9-8 | 112.52 | OK | |||
r-devel-linux-x86_64-fedora-gcc | 0.9-8 | 102.92 | OK | |||
r-devel-windows-x86_64 | 0.9-8 | 13.00 | 76.00 | 89.00 | NOTE | |
r-patched-linux-x86_64 | 0.9-8 | OK | ||||
r-release-linux-x86_64 | 0.9-8 | 7.40 | 72.83 | 80.23 | OK | |
r-release-macos-arm64 | 0.9-8 | 32.00 | OK | |||
r-release-macos-x86_64 | 0.9-8 | 48.00 | OK | |||
r-release-windows-x86_64 | 0.9-8 | 11.00 | 74.00 | 85.00 | OK | |
r-oldrel-macos-arm64 | 0.9-8 | 35.00 | OK | |||
r-oldrel-macos-x86_64 | 0.9-8 | 57.00 | OK | |||
r-oldrel-windows-x86_64 | 0.9-8 | 15.00 | 89.00 | 104.00 | OK |
Version: 0.9-8
Check: Rd cross-references
Result: NOTE
Found the following Rd file(s) with Rd \link{} targets missing package
anchors:
IBDsim.Rd: linkdat
oneLocusIBD.Rd: linkdat
oneLocusJacquard.Rd: jacquard, linkdat
twoLocusIBD.Rd: linkdat
twoLocusJacquard.Rd: linkdat, jacquard
Please provide package anchors for all Rd \link{} targets not in the
package itself and the base packages.
Flavors: r-devel-linux-x86_64-debian-gcc, r-devel-windows-x86_64