Last updated on 2024-07-27 01:53:13 CEST.
Flavor | Version | Tinstall | Tcheck | Ttotal | Status | Flags |
---|---|---|---|---|---|---|
r-devel-linux-x86_64-debian-clang | 1.3 | 3.92 | 63.26 | 67.18 | NOTE | |
r-devel-linux-x86_64-debian-gcc | 1.3 | 2.95 | 48.21 | 51.16 | NOTE | |
r-devel-linux-x86_64-fedora-clang | 1.3 | 87.80 | NOTE | |||
r-devel-linux-x86_64-fedora-gcc | 1.3 | 82.46 | NOTE | |||
r-devel-windows-x86_64 | 1.3 | 5.00 | 71.00 | 76.00 | NOTE | |
r-patched-linux-x86_64 | 1.3 | NOTE | ||||
r-release-linux-x86_64 | 1.3 | 3.46 | 62.25 | 65.71 | NOTE | |
r-release-macos-arm64 | 1.3 | 28.00 | NOTE | |||
r-release-macos-x86_64 | 1.3 | 43.00 | NOTE | |||
r-release-windows-x86_64 | 1.3 | 4.00 | 72.00 | 76.00 | NOTE | |
r-oldrel-macos-arm64 | 1.3 | 29.00 | NOTE | |||
r-oldrel-macos-x86_64 | 1.3 | 45.00 | NOTE | |||
r-oldrel-windows-x86_64 | 1.3 | 4.00 | 83.00 | 87.00 | NOTE |
Version: 1.3
Check: Rd files
Result: NOTE
checkRd: (-1) ICEscale.Rd:53: Escaped LaTeX specials: \^
checkRd: (-1) dpwdg.Rd:14: Escaped LaTeX specials: \$
checkRd: (-1) dpwdg.Rd:15: Escaped LaTeX specials: \$
Flavors: r-devel-linux-x86_64-debian-clang, r-devel-linux-x86_64-debian-gcc, r-devel-linux-x86_64-fedora-clang, r-devel-linux-x86_64-fedora-gcc, r-devel-windows-x86_64, r-patched-linux-x86_64, r-release-linux-x86_64, r-release-macos-arm64, r-release-macos-x86_64, r-release-windows-x86_64, r-oldrel-macos-arm64, r-oldrel-macos-x86_64, r-oldrel-windows-x86_64