Last updated on 2025-05-14 01:50:59 CEST.
Flavor | Version | Tinstall | Tcheck | Ttotal | Status | Flags |
---|---|---|---|---|---|---|
r-devel-linux-x86_64-debian-clang | 0.1.0 | 3.75 | 64.92 | 68.67 | NOTE | |
r-devel-linux-x86_64-debian-gcc | 0.1.0 | 1.95 | 48.95 | 50.90 | NOTE | |
r-devel-linux-x86_64-fedora-clang | 0.1.0 | 113.05 | OK | |||
r-devel-linux-x86_64-fedora-gcc | 0.1.0 | 116.06 | OK | |||
r-devel-windows-x86_64 | 0.1.0 | 4.00 | 130.00 | 134.00 | OK | |
r-patched-linux-x86_64 | 0.1.0 | 3.44 | 62.04 | 65.48 | OK | |
r-release-linux-x86_64 | 0.1.0 | 3.26 | 62.35 | 65.61 | OK | |
r-release-macos-arm64 | 0.1.0 | 42.00 | OK | |||
r-release-macos-x86_64 | 0.1.0 | 73.00 | OK | |||
r-release-windows-x86_64 | 0.1.0 | 4.00 | 125.00 | 129.00 | OK | |
r-oldrel-macos-arm64 | 0.1.0 | 44.00 | NOTE | |||
r-oldrel-macos-x86_64 | 0.1.0 | 61.00 | NOTE | |||
r-oldrel-windows-x86_64 | 0.1.0 | 5.00 | 136.00 | 141.00 | NOTE |
Version: 0.1.0
Check: CRAN incoming feasibility
Result: NOTE
Maintainer: ‘Andreas Anastasiou <a.anastasiou@lse.ac.uk>’
Package CITATION file contains call(s) to old-style personList() or
as.personList(). Please use c() on person objects instead.
Package CITATION file contains call(s) to old-style citEntry(). Please
use bibentry() instead.
Flavors: r-devel-linux-x86_64-debian-clang, r-devel-linux-x86_64-debian-gcc
Version: 0.1.0
Check: LazyData
Result: NOTE
'LazyData' is specified without a 'data' directory
Flavors: r-oldrel-macos-arm64, r-oldrel-macos-x86_64, r-oldrel-windows-x86_64