Last updated on 2025-02-14 02:49:45 CET.
Flavor | Version | Tinstall | Tcheck | Ttotal | Status | Flags |
---|---|---|---|---|---|---|
r-devel-linux-x86_64-debian-clang | 1.5 | 12.59 | 90.64 | 103.23 | OK | |
r-devel-linux-x86_64-debian-gcc | 1.5 | 9.22 | 66.16 | 75.38 | OK | |
r-devel-linux-x86_64-fedora-clang | 1.5 | 169.98 | NOTE | |||
r-devel-linux-x86_64-fedora-gcc | 1.5 | 151.13 | NOTE | |||
r-devel-windows-x86_64 | 1.5 | 16.00 | 100.00 | 116.00 | OK | |
r-patched-linux-x86_64 | 1.5 | 12.04 | 85.22 | 97.26 | OK | |
r-release-linux-x86_64 | 1.5 | 12.27 | 83.41 | 95.68 | OK | |
r-release-macos-arm64 | 1.5 | 47.00 | OK | |||
r-release-macos-x86_64 | 1.5 | 74.00 | OK | |||
r-release-windows-x86_64 | 1.5 | 16.00 | 107.00 | 123.00 | OK | |
r-oldrel-macos-arm64 | 1.5 | 50.00 | OK | |||
r-oldrel-macos-x86_64 | 1.5 | 76.00 | OK | |||
r-oldrel-windows-x86_64 | 1.5 | 20.00 | 149.00 | 169.00 | OK |
Version: 1.5
Check: compiled code
Result: NOTE
File ‘INSPIRE/libs/INSPIRE.so’:
Found no calls to: ‘R_registerRoutines’, ‘R_useDynamicSymbols’
It is good practice to register native routines and to disable symbol
search.
See ‘Writing portable packages’ in the ‘Writing R Extensions’ manual.
Flavors: r-devel-linux-x86_64-fedora-clang, r-devel-linux-x86_64-fedora-gcc