Last updated on 2024-08-16 01:48:21 CEST.
Flavor | Version | Tinstall | Tcheck | Ttotal | Status | Flags |
---|---|---|---|---|---|---|
r-devel-linux-x86_64-debian-clang | 2.0.0 | 8.49 | 473.50 | 481.99 | NOTE | |
r-devel-linux-x86_64-debian-gcc | 2.0.0 | 5.85 | 324.64 | 330.49 | NOTE | |
r-devel-linux-x86_64-fedora-clang | 2.0.0 | 786.34 | OK | |||
r-devel-linux-x86_64-fedora-gcc | 2.0.0 | 732.95 | OK | |||
r-devel-windows-x86_64 | 2.0.0 | 11.00 | 612.00 | 623.00 | NOTE | |
r-patched-linux-x86_64 | 2.0.0 | 13.01 | 420.03 | 433.04 | OK | |
r-release-linux-x86_64 | 2.0.0 | 9.86 | 432.03 | 441.89 | OK | |
r-release-macos-arm64 | 2.0.0 | 239.00 | OK | |||
r-release-macos-x86_64 | 2.0.0 | 400.00 | OK | |||
r-release-windows-x86_64 | 2.0.0 | 12.00 | 619.00 | 631.00 | OK | |
r-oldrel-macos-arm64 | 2.0.0 | 265.00 | OK | |||
r-oldrel-macos-x86_64 | 2.0.0 | 610.00 | OK | |||
r-oldrel-windows-x86_64 | 2.0.0 | 14.00 | 631.00 | 645.00 | OK |
Version: 2.0.0
Check: Rd cross-references
Result: NOTE
Found the following Rd file(s) with Rd \link{} targets missing package
anchors:
DataGeneration.Rd: rBeta.4P
plot.IRTest.Rd: stat_function, geom_line
Please provide package anchors for all Rd \link{} targets not in the
package itself and the base packages.
Flavors: r-devel-linux-x86_64-debian-clang, r-devel-linux-x86_64-debian-gcc, r-devel-windows-x86_64