Last updated on 2024-08-16 01:48:21 CEST.
Flavor | Version | Tinstall | Tcheck | Ttotal | Status | Flags |
---|---|---|---|---|---|---|
r-devel-linux-x86_64-debian-clang | 0.0.4 | 24.92 | 255.31 | 280.23 | OK | |
r-devel-linux-x86_64-debian-gcc | 0.0.4 | 22.76 | 175.12 | 197.88 | OK | |
r-devel-linux-x86_64-fedora-clang | 0.0.4 | 454.02 | NOTE | |||
r-devel-linux-x86_64-fedora-gcc | 0.0.4 | 440.04 | NOTE | |||
r-devel-windows-x86_64 | 0.0.4 | 25.00 | 208.00 | 233.00 | OK | |
r-patched-linux-x86_64 | 0.0.4 | 25.02 | 228.78 | 253.80 | OK | |
r-release-linux-x86_64 | 0.0.4 | 24.97 | 226.66 | 251.63 | OK | |
r-release-macos-arm64 | 0.0.4 | 126.00 | OK | |||
r-release-macos-x86_64 | 0.0.4 | 204.00 | OK | |||
r-release-windows-x86_64 | 0.0.4 | 34.00 | 207.00 | 241.00 | OK | |
r-oldrel-macos-arm64 | 0.0.4 | 128.00 | OK | |||
r-oldrel-macos-x86_64 | 0.0.4 | 281.00 | OK | |||
r-oldrel-windows-x86_64 | 0.0.4 | 35.00 | 262.00 | 297.00 | OK |
Version: 0.0.4
Check: data for non-ASCII characters
Result: NOTE
Note: found 1 marked UTF-8 string
Flavors: r-devel-linux-x86_64-fedora-clang, r-devel-linux-x86_64-fedora-gcc