Last updated on 2024-08-16 01:48:21 CEST.
Flavor | Version | Tinstall | Tcheck | Ttotal | Status | Flags |
---|---|---|---|---|---|---|
r-devel-linux-x86_64-debian-clang | 1.0.5 | 2.99 | 212.80 | 215.79 | NOTE | |
r-devel-linux-x86_64-debian-gcc | 1.0.5 | 2.05 | 130.88 | 132.93 | NOTE | |
r-devel-linux-x86_64-fedora-clang | 1.0.5 | 365.23 | NOTE | |||
r-devel-linux-x86_64-fedora-gcc | 1.0.5 | 377.77 | NOTE | |||
r-devel-windows-x86_64 | 1.0.5 | 4.00 | 206.00 | 210.00 | NOTE | |
r-patched-linux-x86_64 | 1.0.5 | 2.87 | 198.75 | 201.62 | NOTE | |
r-release-linux-x86_64 | 1.0.5 | 2.79 | 195.93 | 198.72 | NOTE | |
r-release-macos-arm64 | 1.0.5 | 100.00 | NOTE | |||
r-release-macos-x86_64 | 1.0.5 | 151.00 | NOTE | |||
r-release-windows-x86_64 | 1.0.5 | 4.00 | 208.00 | 212.00 | NOTE | |
r-oldrel-macos-arm64 | 1.0.5 | 110.00 | NOTE | |||
r-oldrel-macos-x86_64 | 1.0.5 | 171.00 | NOTE | |||
r-oldrel-windows-x86_64 | 1.0.5 | 5.00 | 237.00 | 242.00 | NOTE |
Version: 1.0.5
Check: LazyData
Result: NOTE
'LazyData' is specified without a 'data' directory
Flavors: r-devel-linux-x86_64-debian-clang, r-devel-linux-x86_64-debian-gcc, r-devel-linux-x86_64-fedora-clang, r-devel-linux-x86_64-fedora-gcc, r-devel-windows-x86_64, r-patched-linux-x86_64, r-release-linux-x86_64, r-release-macos-arm64, r-release-macos-x86_64, r-release-windows-x86_64, r-oldrel-macos-arm64, r-oldrel-macos-x86_64, r-oldrel-windows-x86_64