Last updated on 2025-02-14 02:49:45 CET.
Flavor | Version | Tinstall | Tcheck | Ttotal | Status | Flags |
---|---|---|---|---|---|---|
r-devel-linux-x86_64-debian-clang | 2.5.5 | 28.90 | 233.12 | 262.02 | NOTE | |
r-devel-linux-x86_64-debian-gcc | 2.5.5 | 16.89 | 141.59 | 158.48 | NOTE | |
r-devel-linux-x86_64-fedora-clang | 2.5.5 | 432.26 | NOTE | |||
r-devel-linux-x86_64-fedora-gcc | 2.5.5 | 383.29 | NOTE | |||
r-devel-windows-x86_64 | 2.5.5 | 24.00 | 238.00 | 262.00 | ERROR | |
r-patched-linux-x86_64 | 2.5.5 | 28.08 | 212.74 | 240.82 | NOTE | |
r-release-linux-x86_64 | 2.5.5 | 27.17 | 215.31 | 242.48 | NOTE | |
r-release-macos-arm64 | 2.5.5 | 88.00 | NOTE | |||
r-release-macos-x86_64 | 2.5.5 | 140.00 | NOTE | |||
r-release-windows-x86_64 | 2.5.5 | 24.00 | 187.00 | 211.00 | NOTE | |
r-oldrel-macos-arm64 | 2.5.5 | 92.00 | OK | |||
r-oldrel-macos-x86_64 | 2.5.5 | 289.00 | OK | |||
r-oldrel-windows-x86_64 | 2.5.5 | 36.00 | 312.00 | 348.00 | ERROR |
Version: 2.5.5
Check: Rd files
Result: NOTE
checkRd: (-1) is_israd_database.Rd:19: Lost braces in \itemize; meant \describe ?
checkRd: (-1) is_israd_database.Rd:20: Lost braces in \itemize; meant \describe ?
checkRd: (-1) is_israd_database.Rd:21: Lost braces in \itemize; meant \describe ?
checkRd: (-1) is_israd_database.Rd:22: Lost braces in \itemize; meant \describe ?
checkRd: (-1) is_israd_database.Rd:23: Lost braces in \itemize; meant \describe ?
checkRd: (-1) is_israd_database.Rd:24: Lost braces in \itemize; meant \describe ?
checkRd: (-1) is_israd_database.Rd:25: Lost braces in \itemize; meant \describe ?
checkRd: (-1) is_israd_database.Rd:26: Lost braces in \itemize; meant \describe ?
Flavors: r-devel-linux-x86_64-debian-clang, r-devel-linux-x86_64-debian-gcc, r-devel-linux-x86_64-fedora-clang, r-devel-linux-x86_64-fedora-gcc, r-devel-windows-x86_64, r-patched-linux-x86_64, r-release-linux-x86_64, r-release-macos-arm64, r-release-macos-x86_64, r-release-windows-x86_64
Version: 2.5.5
Check: examples
Result: ERROR
Running examples in 'ISRaD-Ex.R' failed
The error most likely occurred in:
> ### Name: ISRaD.getdata
> ### Title: ISRaD.getdata
> ### Aliases: ISRaD.getdata
>
> ### ** Examples
>
> # Return full dataset ("full")
> ISRaD_full <- ISRaD.getdata(tempdir(), dataset = "full", extra = FALSE)
ISRaD_database_files not found...
Downloading database files from: https://github.com/International-Soil-Radiocarbon-Database/ISRaD/raw/main/ISRaD_data_files/database/ISRaD_database_files.zip
trying URL 'https://github.com/International-Soil-Radiocarbon-Database/ISRaD/raw/main/ISRaD_data_files/database/ISRaD_database_files.zip'
Content type 'application/zip' length 22960279 bytes (21.9 MB)
=====================================
downloaded 16.5 MB
Warning in download.file(dataURL, file.path(directory, "ISRaD_database_files.zip")) :
downloaded length 17258880 != reported length 22960279
Warning in download.file(dataURL, file.path(directory, "ISRaD_database_files.zip")) :
URL 'https://raw.githubusercontent.com/International-Soil-Radiocarbon-Database/ISRaD/main/ISRaD_data_files/database/ISRaD_database_files.zip': Timeout of 60 seconds was reached
Error in download.file(dataURL, file.path(directory, "ISRaD_database_files.zip")) :
download from 'https://github.com/International-Soil-Radiocarbon-Database/ISRaD/raw/main/ISRaD_data_files/database/ISRaD_database_files.zip' failed
Calls: ISRaD.getdata -> download.file
Execution halted
Flavor: r-devel-windows-x86_64
Version: 2.5.5
Check: examples
Result: ERROR
Running examples in 'ISRaD-Ex.R' failed
The error most likely occurred in:
> ### Name: ISRaD.getdata
> ### Title: ISRaD.getdata
> ### Aliases: ISRaD.getdata
>
> ### ** Examples
>
> # Return full dataset ("full")
> ISRaD_full <- ISRaD.getdata(tempdir(), dataset = "full", extra = FALSE)
ISRaD_database_files not found...
Downloading database files from: https://github.com/International-Soil-Radiocarbon-Database/ISRaD/raw/main/ISRaD_data_files/database/ISRaD_database_files.zip
trying URL 'https://github.com/International-Soil-Radiocarbon-Database/ISRaD/raw/main/ISRaD_data_files/database/ISRaD_database_files.zip'
Content type 'application/zip' length 22960279 bytes (21.9 MB)
==================================
downloaded 15.3 MB
Warning in download.file(dataURL, file.path(directory, "ISRaD_database_files.zip")) :
downloaded length 0 != reported length 0
Warning in download.file(dataURL, file.path(directory, "ISRaD_database_files.zip")) :
URL 'https://raw.githubusercontent.com/International-Soil-Radiocarbon-Database/ISRaD/main/ISRaD_data_files/database/ISRaD_database_files.zip': Timeout of 60 seconds was reached
Error in download.file(dataURL, file.path(directory, "ISRaD_database_files.zip")) :
download from 'https://github.com/International-Soil-Radiocarbon-Database/ISRaD/raw/main/ISRaD_data_files/database/ISRaD_database_files.zip' failed
Calls: ISRaD.getdata -> download.file
Execution halted
Flavor: r-oldrel-windows-x86_64