Last updated on 2024-08-16 01:48:21 CEST.
Flavor | Version | Tinstall | Tcheck | Ttotal | Status | Flags |
---|---|---|---|---|---|---|
r-devel-linux-x86_64-debian-clang | 1.4.0 | 10.80 | 79.16 | 89.96 | NOTE | |
r-devel-linux-x86_64-debian-gcc | 1.4.0 | 6.81 | 50.96 | 57.77 | NOTE | |
r-devel-linux-x86_64-fedora-clang | 1.4.0 | 140.43 | OK | |||
r-devel-linux-x86_64-fedora-gcc | 1.4.0 | 129.89 | OK | |||
r-devel-windows-x86_64 | 1.4.0 | 11.00 | 89.00 | 100.00 | NOTE | |
r-patched-linux-x86_64 | 1.4.0 | 14.05 | 70.43 | 84.48 | OK | |
r-release-linux-x86_64 | 1.4.0 | 9.24 | 70.74 | 79.98 | OK | |
r-release-macos-arm64 | 1.4.0 | 39.00 | OK | |||
r-release-macos-x86_64 | 1.4.0 | 60.00 | OK | |||
r-release-windows-x86_64 | 1.4.0 | 11.00 | 90.00 | 101.00 | OK | |
r-oldrel-macos-arm64 | 1.4.0 | 44.00 | OK | |||
r-oldrel-macos-x86_64 | 1.4.0 | 66.00 | OK | |||
r-oldrel-windows-x86_64 | 1.4.0 | 15.00 | 105.00 | 120.00 | OK |
Version: 1.4.0
Check: Rd cross-references
Result: NOTE
Found the following Rd file(s) with Rd \link{} targets missing package
anchors:
csmf.diag.Rd: heidel.diag, gelman.diag
Please provide package anchors for all Rd \link{} targets not in the
package itself and the base packages.
Flavors: r-devel-linux-x86_64-debian-clang, r-devel-linux-x86_64-debian-gcc, r-devel-windows-x86_64