CRAN Package Check Results for Package IntegrateBs

Last updated on 2025-02-10 01:48:23 CET.

Flavor Version Tinstall Tcheck Ttotal Status Flags
r-devel-linux-x86_64-debian-clang 0.1.0 1.15 15.64 16.79 OK
r-devel-linux-x86_64-debian-gcc 0.1.0 1.38 13.06 14.44 OK
r-devel-linux-x86_64-fedora-clang 0.1.0 27.98 OK
r-devel-linux-x86_64-fedora-gcc 0.1.0 25.85 OK
r-devel-windows-x86_64 0.1.0 3.00 33.00 36.00 OK
r-patched-linux-x86_64 0.1.0 1.22 14.68 15.90 NOTE
r-release-linux-x86_64 0.1.0 1.22 14.90 16.12 NOTE
r-release-macos-arm64 0.1.0 13.00 NOTE
r-release-macos-x86_64 0.1.0 19.00 NOTE
r-release-windows-x86_64 0.1.0 3.00 34.00 37.00 NOTE
r-oldrel-macos-arm64 0.1.0 15.00 NOTE
r-oldrel-macos-x86_64 0.1.0 17.00 NOTE
r-oldrel-windows-x86_64 0.1.0 2.00 33.00 35.00 NOTE

Check Details

Version: 0.1.0
Check: LazyData
Result: NOTE 'LazyData' is specified without a 'data' directory Flavors: r-patched-linux-x86_64, r-release-linux-x86_64, r-release-macos-arm64, r-release-macos-x86_64, r-release-windows-x86_64, r-oldrel-macos-arm64, r-oldrel-macos-x86_64, r-oldrel-windows-x86_64