Last updated on 2025-10-26 01:49:52 CEST.
| Flavor | Version | Tinstall | Tcheck | Ttotal | Status | Flags |
|---|---|---|---|---|---|---|
| r-devel-linux-x86_64-debian-clang | 2.0.0 | 160.35 | 188.37 | 348.72 | OK | |
| r-devel-linux-x86_64-debian-gcc | 2.0.0 | 97.42 | 121.89 | 219.31 | OK | |
| r-devel-linux-x86_64-fedora-clang | 2.0.0 | 780.00 | -168.93 | 611.07 | OK | |
| r-devel-linux-x86_64-fedora-gcc | 2.0.0 | 197.00 | 312.97 | 509.97 | OK | |
| r-devel-windows-x86_64 | 2.0.0 | 175.00 | 180.00 | 355.00 | OK | |
| r-patched-linux-x86_64 | 2.0.0 | 158.03 | 149.34 | 307.37 | OK | |
| r-release-linux-x86_64 | 2.0.0 | 150.02 | 161.10 | 311.12 | OK | |
| r-release-macos-arm64 | 2.0.0 | 51.00 | 79.00 | 130.00 | OK | |
| r-release-macos-x86_64 | 2.0.0 | 51.00 | 158.00 | 209.00 | OK | |
| r-release-windows-x86_64 | 2.0.0 | 177.00 | 186.00 | 363.00 | OK | |
| r-oldrel-macos-arm64 | 2.0.0 | 44.00 | 82.00 | 126.00 | NOTE | |
| r-oldrel-macos-x86_64 | 2.0.0 | 50.00 | 183.00 | 233.00 | NOTE | |
| r-oldrel-windows-x86_64 | 2.0.0 | 203.00 | 233.00 | 436.00 | OK |
Version: 2.0.0
Check: installed package size
Result: NOTE
installed size is 9.2Mb
sub-directories of 1Mb or more:
libs 8.7Mb
Flavors: r-oldrel-macos-arm64, r-oldrel-macos-x86_64