Last updated on 2024-08-16 01:48:22 CEST.
Flavor | Version | Tinstall | Tcheck | Ttotal | Status | Flags |
---|---|---|---|---|---|---|
r-devel-linux-x86_64-debian-clang | 1.1.0 | 43.38 | 370.23 | 413.61 | OK | |
r-devel-linux-x86_64-debian-gcc | 1.1.0 | 23.80 | 230.43 | 254.23 | OK | |
r-devel-linux-x86_64-fedora-clang | 1.1.0 | 679.44 | NOTE | |||
r-devel-linux-x86_64-fedora-gcc | 1.1.0 | 642.33 | OK | |||
r-devel-windows-x86_64 | 1.1.0 | 41.00 | 330.00 | 371.00 | NOTE | |
r-patched-linux-x86_64 | 1.1.0 | 36.24 | 347.76 | 384.00 | OK | |
r-release-linux-x86_64 | 1.1.0 | 36.80 | 352.30 | 389.10 | OK | |
r-release-macos-arm64 | 1.1.0 | 153.00 | NOTE | |||
r-release-macos-x86_64 | 1.1.0 | 275.00 | NOTE | |||
r-release-windows-x86_64 | 1.1.0 | 40.00 | 336.00 | 376.00 | NOTE | |
r-oldrel-macos-arm64 | 1.1.0 | 157.00 | NOTE | |||
r-oldrel-macos-x86_64 | 1.1.0 | 421.00 | NOTE | |||
r-oldrel-windows-x86_64 | 1.1.0 | 52.00 | 445.00 | 497.00 | NOTE |
Version: 1.1.0
Check: installed package size
Result: NOTE
installed size is 6.4Mb
sub-directories of 1Mb or more:
R 1.4Mb
doc-overview 2.2Mb
Flavors: r-devel-linux-x86_64-fedora-clang, r-devel-windows-x86_64, r-release-macos-arm64, r-release-macos-x86_64, r-release-windows-x86_64, r-oldrel-macos-arm64, r-oldrel-macos-x86_64, r-oldrel-windows-x86_64