Last updated on 2024-08-16 01:48:22 CEST.
Flavor | Version | Tinstall | Tcheck | Ttotal | Status | Flags |
---|---|---|---|---|---|---|
r-devel-linux-x86_64-debian-clang | 0.4.0 | 32.30 | 60.00 | 92.30 | OK | |
r-devel-linux-x86_64-debian-gcc | 0.4.0 | 23.39 | 40.32 | 63.71 | OK | |
r-devel-linux-x86_64-fedora-clang | 0.4.0 | 152.57 | OK | |||
r-devel-linux-x86_64-fedora-gcc | 0.4.0 | 155.26 | OK | |||
r-devel-windows-x86_64 | 0.4.0 | 36.00 | 193.00 | 229.00 | OK | |
r-patched-linux-x86_64 | 0.4.0 | 32.47 | 54.81 | 87.28 | OK | |
r-release-linux-x86_64 | 0.4.0 | 35.49 | 56.67 | 92.16 | OK | |
r-release-macos-arm64 | 0.4.0 | 84.00 | NOTE | |||
r-release-macos-x86_64 | 0.4.0 | 145.00 | NOTE | |||
r-release-windows-x86_64 | 0.4.0 | 38.00 | 190.00 | 228.00 | OK | |
r-oldrel-macos-arm64 | 0.4.0 | 88.00 | NOTE | |||
r-oldrel-macos-x86_64 | 0.4.0 | 288.00 | NOTE | |||
r-oldrel-windows-x86_64 | 0.4.0 | 45.00 | 261.00 | 306.00 | OK |
Version: 0.4.0
Check: installed package size
Result: NOTE
installed size is 6.1Mb
sub-directories of 1Mb or more:
libs 5.0Mb
Flavors: r-release-macos-arm64, r-release-macos-x86_64, r-oldrel-macos-arm64, r-oldrel-macos-x86_64