Last updated on 2025-10-31 01:49:02 CET.
| Flavor | Version | Tinstall | Tcheck | Ttotal | Status | Flags | 
|---|---|---|---|---|---|---|
| r-devel-linux-x86_64-debian-clang | 2.1.5 | 2.47 | 31.75 | 34.22 | NOTE | |
| r-devel-linux-x86_64-debian-gcc | 2.1.5 | 1.93 | 23.68 | 25.61 | NOTE | |
| r-devel-linux-x86_64-fedora-clang | 2.1.5 | 14.00 | 41.59 | 55.59 | NOTE | |
| r-devel-linux-x86_64-fedora-gcc | 2.1.5 | 49.89 | NOTE | |||
| r-devel-windows-x86_64 | 2.1.5 | 4.00 | 47.00 | 51.00 | NOTE | |
| r-patched-linux-x86_64 | 2.1.5 | 2.99 | 30.02 | 33.01 | NOTE | |
| r-release-linux-x86_64 | 2.1.5 | 2.05 | 30.13 | 32.18 | NOTE | |
| r-release-macos-arm64 | 2.1.5 | 2.00 | 21.00 | 23.00 | NOTE | |
| r-release-macos-x86_64 | 2.1.5 | 3.00 | 32.00 | 35.00 | NOTE | |
| r-release-windows-x86_64 | 2.1.5 | 6.00 | 50.00 | 56.00 | NOTE | |
| r-oldrel-macos-arm64 | 2.1.5 | 2.00 | 18.00 | 20.00 | NOTE | |
| r-oldrel-macos-x86_64 | 2.1.5 | 2.00 | 27.00 | 29.00 | NOTE | |
| r-oldrel-windows-x86_64 | 2.1.5 | 4.00 | 58.00 | 62.00 | NOTE | 
Version: 2.1.5
Check: CRAN incoming feasibility
Result: NOTE
  Maintainer: ‘Siyu Tao <siyutao2020@u.northwestern.edu>’
  
  No Authors@R field in DESCRIPTION.
  Please add one, modifying
    Authors@R: c(person(given = "Siyu",
                        family = "Tao",
                        role = c("aut", "cre"),
                        email = "siyutao2020@u.northwestern.edu"),
                 person(given = "Yichi",
                        family = "Zhang",
                        role = "aut"),
                 person(given = c("Daniel", "W."),
                        family = "Apley",
                        role = "aut"),
                 person(given = "Wei",
                        family = "Chen",
                        role = "aut"))
  as necessary.
  
  The Description field contains
    Chen, and Daniel W. Apley (2018) <arXiv:1806.07504>. The package is
  Please refer to arXiv e-prints via their arXiv DOI <doi:10.48550/arXiv.YYMM.NNNNN>.
Flavors: r-devel-linux-x86_64-debian-clang, r-devel-linux-x86_64-debian-gcc
Version: 2.1.5
Check: Rd files
Result: NOTE
  checkRd: (-1) LVGP_fit.Rd:47: Lost braces in \itemize; \value handles \item{}{} directly
  checkRd: (-1) LVGP_fit.Rd:48: Lost braces in \itemize; \value handles \item{}{} directly
  checkRd: (-1) LVGP_fit.Rd:49: Lost braces in \itemize; \value handles \item{}{} directly
  checkRd: (-1) LVGP_fit.Rd:50: Lost braces in \itemize; \value handles \item{}{} directly
  checkRd: (-1) LVGP_fit.Rd:51: Lost braces in \itemize; \value handles \item{}{} directly
  checkRd: (-1) LVGP_fit.Rd:52: Lost braces in \itemize; \value handles \item{}{} directly
  checkRd: (-1) LVGP_predict.Rd:20: Lost braces in \itemize; \value handles \item{}{} directly
  checkRd: (-1) LVGP_predict.Rd:21: Lost braces in \itemize; \value handles \item{}{} directly
  checkRd: (-1) math_example.Rd:21: Lost braces
      21 | Data are sampled from the modified math function based on the first example in the paper listed in code{references}.
         |                                                                                                        ^
Flavors: r-devel-linux-x86_64-debian-clang, r-devel-linux-x86_64-debian-gcc, r-devel-linux-x86_64-fedora-clang, r-devel-linux-x86_64-fedora-gcc, r-devel-windows-x86_64, r-patched-linux-x86_64, r-release-linux-x86_64, r-release-macos-arm64, r-release-macos-x86_64, r-release-windows-x86_64, r-oldrel-macos-arm64, r-oldrel-macos-x86_64, r-oldrel-windows-x86_64