Last updated on 2025-11-12 02:53:00 CET.
| Flavor | Version | Tinstall | Tcheck | Ttotal | Status | Flags |
|---|---|---|---|---|---|---|
| r-devel-linux-x86_64-debian-clang | 0.8.2 | 58.41 | 316.12 | 374.53 | OK | |
| r-devel-linux-x86_64-debian-gcc | 0.8.2 | 40.83 | 233.04 | 273.87 | OK | |
| r-devel-linux-x86_64-fedora-clang | 0.8.2 | 140.00 | 444.65 | 584.65 | OK | |
| r-devel-linux-x86_64-fedora-gcc | 0.8.2 | 248.00 | 373.28 | 621.28 | OK | |
| r-devel-windows-x86_64 | 0.8.2 | 62.00 | 274.00 | 336.00 | OK | |
| r-patched-linux-x86_64 | 0.8.2 | 54.39 | 303.91 | 358.30 | OK | |
| r-release-linux-x86_64 | 0.8.2 | 57.71 | 304.22 | 361.93 | OK | |
| r-release-macos-arm64 | 0.8.2 | 31.00 | 105.00 | 136.00 | OK | |
| r-release-macos-x86_64 | 0.8.2 | 75.00 | 206.00 | 281.00 | OK | |
| r-release-windows-x86_64 | 0.8.2 | 58.00 | 269.00 | 327.00 | OK | |
| r-oldrel-macos-arm64 | 0.8.2 | 33.00 | 111.00 | 144.00 | NOTE | |
| r-oldrel-macos-x86_64 | 0.8.2 | 75.00 | 250.00 | 325.00 | NOTE | |
| r-oldrel-windows-x86_64 | 0.8.2 | 82.00 | 374.00 | 456.00 | NOTE |
Version: 0.8.2
Check: package dependencies
Result: NOTE
Depends: includes the non-default packages:
'adabag', 'arm', 'brnn', 'C50', 'car', 'corrplot', 'Cubist',
'doParallel', 'dplyr', 'e1071', 'gam', 'gbm', 'ggplot2', 'ggplotify',
'glmnet', 'gridExtra', 'gt', 'ipred', 'klaR', 'MachineShop',
'magrittr', 'MASS', 'mda', 'parallel', 'pls', 'pROC', 'purrr',
'randomForest', 'ranger', 'reactable', 'reactablefmtr', 'readr',
'rpart', 'scales', 'tidyr', 'tree', 'xgboost'
Adding so many packages to the search path is excessive and importing
selectively is preferable.
Flavors: r-oldrel-macos-arm64, r-oldrel-macos-x86_64, r-oldrel-windows-x86_64