Last updated on 2024-08-16 01:48:22 CEST.
Flavor | Version | Tinstall | Tcheck | Ttotal | Status | Flags |
---|---|---|---|---|---|---|
r-devel-linux-x86_64-debian-clang | 0.1.3 | 8.27 | 63.70 | 71.97 | NOTE | |
r-devel-linux-x86_64-debian-gcc | 0.1.3 | 5.42 | 45.23 | 50.65 | NOTE | |
r-devel-linux-x86_64-fedora-clang | 0.1.3 | 110.91 | NOTE | |||
r-devel-linux-x86_64-fedora-gcc | 0.1.3 | 103.98 | NOTE | |||
r-devel-windows-x86_64 | 0.1.3 | 8.00 | 70.00 | 78.00 | NOTE | |
r-patched-linux-x86_64 | 0.1.3 | 6.23 | 58.85 | 65.08 | NOTE | |
r-release-linux-x86_64 | 0.1.3 | 7.93 | 59.93 | 67.86 | NOTE | |
r-release-macos-arm64 | 0.1.3 | 34.00 | NOTE | |||
r-release-macos-x86_64 | 0.1.3 | 57.00 | NOTE | |||
r-release-windows-x86_64 | 0.1.3 | 8.00 | 69.00 | 77.00 | NOTE | |
r-oldrel-macos-arm64 | 0.1.3 | 36.00 | NOTE | |||
r-oldrel-macos-x86_64 | 0.1.3 | 58.00 | NOTE | |||
r-oldrel-windows-x86_64 | 0.1.3 | 8.00 | 85.00 | 93.00 | NOTE |
Version: 0.1.3
Check: LazyData
Result: NOTE
'LazyData' is specified without a 'data' directory
Flavors: r-devel-linux-x86_64-debian-clang, r-devel-linux-x86_64-debian-gcc, r-devel-linux-x86_64-fedora-clang, r-devel-linux-x86_64-fedora-gcc, r-devel-windows-x86_64, r-patched-linux-x86_64, r-release-linux-x86_64, r-release-macos-arm64, r-release-macos-x86_64, r-release-windows-x86_64, r-oldrel-macos-arm64, r-oldrel-macos-x86_64, r-oldrel-windows-x86_64