Last updated on 2024-08-16 01:48:23 CEST.
Flavor | Version | Tinstall | Tcheck | Ttotal | Status | Flags |
---|---|---|---|---|---|---|
r-devel-linux-x86_64-debian-clang | 0.4.3 | 10.99 | 557.41 | 568.40 | OK | |
r-devel-linux-x86_64-debian-gcc | 0.4.3 | 6.38 | 375.65 | 382.03 | OK | |
r-devel-linux-x86_64-fedora-clang | 0.4.3 | 994.00 | NOTE | |||
r-devel-linux-x86_64-fedora-gcc | 0.4.3 | 929.65 | NOTE | |||
r-devel-windows-x86_64 | 0.4.3 | 13.00 | 712.00 | 725.00 | OK | |
r-patched-linux-x86_64 | 0.4.3 | 11.17 | 533.31 | 544.48 | OK | |
r-release-linux-x86_64 | 0.4.3 | 10.55 | 537.51 | 548.06 | OK | |
r-release-macos-arm64 | 0.4.3 | 252.00 | OK | |||
r-release-macos-x86_64 | 0.4.3 | 435.00 | OK | |||
r-release-windows-x86_64 | 0.4.3 | 15.00 | 710.00 | 725.00 | OK | |
r-oldrel-macos-arm64 | 0.4.3 | 255.00 | OK | |||
r-oldrel-macos-x86_64 | 0.4.3 | 720.00 | OK | |||
r-oldrel-windows-x86_64 | 0.4.3 | 17.00 | 825.00 | 842.00 | OK |
Version: 0.4.3
Check: data for non-ASCII characters
Result: NOTE
Note: found 6 marked Latin-1 strings
Flavors: r-devel-linux-x86_64-fedora-clang, r-devel-linux-x86_64-fedora-gcc