Last updated on 2025-10-30 01:50:07 CET.
| Flavor | Version | Tinstall | Tcheck | Ttotal | Status | Flags | 
|---|---|---|---|---|---|---|
| r-devel-linux-x86_64-debian-clang | 1.0.3 | 2.45 | 30.81 | 33.26 | NOTE | |
| r-devel-linux-x86_64-debian-gcc | 1.0.3 | 1.78 | 24.37 | 26.15 | NOTE | |
| r-devel-linux-x86_64-fedora-clang | 1.0.3 | 10.00 | 40.40 | 50.40 | OK | |
| r-devel-linux-x86_64-fedora-gcc | 1.0.3 | 64.80 | OK | |||
| r-devel-windows-x86_64 | 1.0.3 | 4.00 | 62.00 | 66.00 | OK | |
| r-patched-linux-x86_64 | 1.0.3 | 2.47 | 29.69 | 32.16 | OK | |
| r-release-linux-x86_64 | 1.0.3 | 2.21 | 29.83 | 32.04 | OK | |
| r-release-macos-arm64 | 1.0.3 | 1.00 | 27.00 | 28.00 | OK | |
| r-release-macos-x86_64 | 1.0.3 | 2.00 | 51.00 | 53.00 | OK | |
| r-release-windows-x86_64 | 1.0.3 | 4.00 | 65.00 | 69.00 | OK | |
| r-oldrel-macos-arm64 | 1.0.3 | 1.00 | 24.00 | 25.00 | OK | |
| r-oldrel-macos-x86_64 | 1.0.3 | 4.00 | 61.00 | 65.00 | OK | |
| r-oldrel-windows-x86_64 | 1.0.3 | 5.00 | 67.00 | 72.00 | OK | 
Version: 1.0.3
Check: CRAN incoming feasibility
Result: NOTE
  Maintainer: ‘Benjamin Haibe-Kains <benjamin.haibe.kains@utoronto.ca>’
  
  No Authors@R field in DESCRIPTION.
  Please add one, modifying
    Authors@R: c(person(given = c("Deena", "M.A."),
                        family = "Gendoo",
                        role = "aut",
                        email = "deena.gendoo@utoronto.ca"),
                 person(given = "Benjamin",
                        family = "Haibe-Kains",
                        role = c("aut", "cre"),
                        email = "benjamin.haibe.kains@utoronto.ca"))
  as necessary.
  
  Package CITATION file contains call(s) to old-style citEntry().  Please
  use bibentry() instead.
Flavors: r-devel-linux-x86_64-debian-clang, r-devel-linux-x86_64-debian-gcc