Last updated on 2024-08-16 01:48:22 CEST.
Flavor | Version | Tinstall | Tcheck | Ttotal | Status | Flags |
---|---|---|---|---|---|---|
r-devel-linux-x86_64-debian-clang | 1.0.2 | 34.63 | 287.39 | 322.02 | OK | |
r-devel-linux-x86_64-debian-gcc | 1.0.2 | 21.63 | 180.98 | 202.61 | OK | |
r-devel-linux-x86_64-fedora-clang | 1.0.2 | 524.53 | NOTE | |||
r-devel-linux-x86_64-fedora-gcc | 1.0.2 | 504.64 | NOTE | |||
r-devel-windows-x86_64 | 1.0.2 | 30.00 | 221.00 | 251.00 | OK | |
r-patched-linux-x86_64 | 1.0.2 | 32.52 | 265.73 | 298.25 | OK | |
r-release-linux-x86_64 | 1.0.2 | 32.99 | 271.51 | 304.50 | OK | |
r-release-macos-arm64 | 1.0.2 | 130.00 | OK | |||
r-release-macos-x86_64 | 1.0.2 | 195.00 | OK | |||
r-release-windows-x86_64 | 1.0.2 | 31.00 | 220.00 | 251.00 | OK | |
r-oldrel-macos-arm64 | 1.0.2 | 145.00 | NOTE | |||
r-oldrel-macos-x86_64 | 1.0.2 | 223.00 | NOTE | |||
r-oldrel-windows-x86_64 | 1.0.2 | 44.00 | 302.00 | 346.00 | OK |
Version: 1.0.2
Check: package dependencies
Result: NOTE
Package suggested but not available for checking: ‘BiocCheck’
Flavors: r-devel-linux-x86_64-fedora-clang, r-devel-linux-x86_64-fedora-gcc, r-oldrel-macos-arm64, r-oldrel-macos-x86_64
Version: 1.0.2
Check: data for non-ASCII characters
Result: NOTE
Note: found 41 marked UTF-8 strings
Flavors: r-devel-linux-x86_64-fedora-clang, r-devel-linux-x86_64-fedora-gcc