Last updated on 2025-11-13 01:50:25 CET.
| Flavor | Version | Tinstall | Tcheck | Ttotal | Status | Flags |
|---|---|---|---|---|---|---|
| r-devel-linux-x86_64-debian-clang | 1.0.1 | 162.75 | 27.03 | 189.78 | OK | |
| r-devel-linux-x86_64-debian-gcc | 1.0.1 | 109.06 | 21.61 | 130.67 | OK | |
| r-devel-linux-x86_64-fedora-clang | 1.0.1 | 459.00 | 32.23 | 491.23 | OK | |
| r-devel-linux-x86_64-fedora-gcc | 1.0.1 | 340.00 | 8.25 | 348.25 | OK | |
| r-devel-windows-x86_64 | 1.0.1 | 520.00 | 75.00 | 595.00 | OK | |
| r-patched-linux-x86_64 | 1.0.1 | 160.20 | 25.31 | 185.51 | OK | |
| r-release-linux-x86_64 | 1.0.1 | 159.31 | 25.44 | 184.75 | OK | |
| r-release-macos-arm64 | 1.0.1 | 85.00 | 21.00 | 106.00 | OK | |
| r-release-macos-x86_64 | 1.0.1 | 51.00 | 34.00 | 85.00 | OK | |
| r-release-windows-x86_64 | 1.0.1 | 495.00 | 71.00 | 566.00 | OK | |
| r-oldrel-macos-arm64 | 1.0.1 | 61.00 | 18.00 | 79.00 | NOTE | |
| r-oldrel-macos-x86_64 | 1.0.1 | 43.00 | 23.00 | 66.00 | NOTE | |
| r-oldrel-windows-x86_64 | 1.0.1 | 511.00 | 84.00 | 595.00 | OK |
Version: 1.0.1
Check: installed package size
Result: NOTE
installed size is 10.1Mb
sub-directories of 1Mb or more:
libs 9.8Mb
Flavors: r-oldrel-macos-arm64, r-oldrel-macos-x86_64