Last updated on 2024-08-16 01:48:23 CEST.
Flavor | Version | Tinstall | Tcheck | Ttotal | Status | Flags |
---|---|---|---|---|---|---|
r-devel-linux-x86_64-debian-clang | 1.1.0 | 0.61 | 2.00 | 2.61 | ERROR | |
r-devel-linux-x86_64-debian-gcc | 1.1.0 | 0.46 | 1.40 | 1.86 | ERROR | |
r-devel-linux-x86_64-fedora-clang | 1.1.0 | 2.71 | ERROR | |||
r-devel-linux-x86_64-fedora-gcc | 1.1.0 | 2.75 | ERROR | |||
r-devel-windows-x86_64 | 1.1.0 | 52.00 | 397.00 | 449.00 | NOTE | |
r-patched-linux-x86_64 | 1.1.0 | 51.00 | 372.25 | 423.25 | OK | |
r-release-linux-x86_64 | 1.1.0 | 46.27 | 376.08 | 422.35 | OK | |
r-release-macos-arm64 | 1.1.0 | 150.00 | NOTE | |||
r-release-macos-x86_64 | 1.1.0 | 230.00 | NOTE | |||
r-release-windows-x86_64 | 1.1.0 | 52.00 | 402.00 | 454.00 | OK | |
r-oldrel-macos-arm64 | 1.1.0 | 223.00 | OK | |||
r-oldrel-macos-x86_64 | 1.1.0 | 407.00 | OK | |||
r-oldrel-windows-x86_64 | 1.1.0 | 63.00 | 543.00 | 606.00 | OK |
Version: 1.1.0
Check: package dependencies
Result: ERROR
Package required but not available: ‘gdsfmt’
See section ‘The DESCRIPTION file’ in the ‘Writing R Extensions’
manual.
Flavors: r-devel-linux-x86_64-debian-clang, r-devel-linux-x86_64-debian-gcc, r-devel-linux-x86_64-fedora-clang, r-devel-linux-x86_64-fedora-gcc
Version: 1.1.0
Check: Rd cross-references
Result: NOTE
Found the following Rd file(s) with Rd \link{} targets missing package
anchors:
Mega2gdsfmt.Rd: gdsfmt
Please provide package anchors for all Rd \link{} targets not in the
package itself and the base packages.
Flavor: r-devel-windows-x86_64
Version: 1.1.0
Check: package dependencies
Result: NOTE
Package suggested but not available for checking: ‘TxDb.Hsapiens.UCSC.hg19.knownGene’
Flavors: r-release-macos-arm64, r-release-macos-x86_64