CRAN Package Check Results for Package Morpho

Last updated on 2025-10-22 01:51:31 CEST.

Flavor Version Tinstall Tcheck Ttotal Status Flags
r-devel-linux-x86_64-debian-clang 2.13 191.58 187.84 379.42 NOTE
r-devel-linux-x86_64-debian-gcc 2.13 118.34 122.88 241.22 NOTE
r-devel-linux-x86_64-fedora-clang 2.13 429.00 274.80 703.80 OK
r-devel-linux-x86_64-fedora-gcc 2.13 333.00 270.07 603.07 OK
r-devel-windows-x86_64 2.13 214.00 466.00 680.00 OK
r-patched-linux-x86_64 2.13 187.18 174.25 361.43 OK
r-release-linux-x86_64 2.13 191.12 173.79 364.91 OK
r-release-macos-arm64 2.13 64.00 71.00 135.00 OK
r-release-macos-x86_64 2.13 77.00 179.00 256.00 OK
r-release-windows-x86_64 2.13 217.00 232.00 449.00 OK
r-oldrel-macos-arm64 2.13 64.00 76.00 140.00 NOTE
r-oldrel-macos-x86_64 2.13 75.00 179.00 254.00 NOTE
r-oldrel-windows-x86_64 2.13 255.00 294.00 549.00 NOTE

Check Details

Version: 2.13
Check: top-level files
Result: NOTE Found the following validation problem for the NEWS.Rd HTML conversion: NEWS.html:1453:1 (inst/NEWS.Rd:679): Warning: missing </ul> before </div> NEWS.html:327:1 (inst/NEWS.Rd:161): Warning: <h4> anchor "bugfixes-and-minor-changes" already defined NEWS.html:375:1 (inst/NEWS.Rd:191): Warning: <h4> anchor "New-features" already defined NEWS.html:414:1 (inst/NEWS.Rd:206): Warning: <h4> anchor "bugfixes-and-minor-changes" already defined NEWS.html:447:1 (inst/NEWS.Rd:223): Warning: <h4> anchor "bugfixes-and-minor-changes" already defined NEWS.html:462:1 (inst/NEWS.Rd:232): Warning: <h4> anchor "New-features" already defined NEWS.html:495:1 (inst/NEWS.Rd:249): Warning: <h4> anchor "bugfixes-and-minor-changes" already defined NEWS.html:587:1 (inst/NEWS.Rd:288): Warning: <h4> anchor "bugfixes-and-minor-changes" already defined NEWS.html:605:1 (inst/NEWS.Rd:299): Warning: <h4> anchor "New-features" already defined NEWS.html:619:1 (inst/NEWS.Rd:306): Warning: <h4> anchor "bugfixes-and-minor-changes" already defined NEWS.html:671:1 (inst/NEWS.Rd:327): Warning: <h4> anchor "New-features" already defined NEWS.html:731:1 (inst/NEWS.Rd:354): Warning: <h4> anchor "bugfixes-and-minor-changes" already defined NEWS.html:764:1 (inst/NEWS.Rd:369): Warning: <h4> anchor "New-features" already defined NEWS.html:801:1 (inst/NEWS.Rd:386): Warning: <h4> anchor "bugfixes-and-minor-changes" already defined NEWS.html:834:1 (inst/NEWS.Rd:400): Warning: <h4> anchor "New-features" already defined NEWS.html:873:1 (inst/NEWS.Rd:419): Warning: <h4> anchor "bugfixes-and-minor-changes" already defined NEWS.html:1120:1 (inst/NEWS.Rd:541): Warning: <h4> anchor "R-code" already defined NEWS.html:1234:1 (inst/NEWS.Rd:589): Warning: <h4> anchor "Package-documentation" already defined NEWS.html:1272:1 (inst/NEWS.Rd:603): Warning: <h4> anchor "Misc" already defined NEWS.html:1301:1 (inst/NEWS.Rd:618): Warning: <h4> anchor "R-code" already defined NEWS.html:1321:1 (inst/NEWS.Rd:626): Warning: <h4> anchor "Package-documentation" already defined NEWS.html:1338:1 (inst/NEWS.Rd:633): Warning: <h4> anchor "Misc" already defined NEWS.html:1365:1 (inst/NEWS.Rd:647): Warning: <h4> anchor "R-code" already defined NEWS.html:1418:1 (inst/NEWS.Rd:666): Warning: <h4> anchor "Package-documentation" already defined NEWS.html:1436:1 (inst/NEWS.Rd:674): Warning: <h4> anchor "Misc" already defined Flavors: r-devel-linux-x86_64-debian-clang, r-devel-linux-x86_64-debian-gcc

Version: 2.13
Check: HTML version of manual
Result: NOTE Found the following HTML validation problems: plot.ILDSR2.html:51:1 (plot.ILDSR2.Rd:12): Warning: missing </ul> before </div> plot.slider3d.html:81:1 (plot.slider3d.Rd:32): Warning: missing </ul> before </div> write.slicerjson.html:68:1 (write.slicerjson.Rd:24): Warning: missing </ul> before </div> Flavors: r-devel-linux-x86_64-debian-clang, r-devel-linux-x86_64-debian-gcc

Version: 2.13
Check: installed package size
Result: NOTE installed size is 11.6Mb sub-directories of 1Mb or more: data 2.0Mb libs 7.9Mb Flavors: r-oldrel-macos-arm64, r-oldrel-macos-x86_64, r-oldrel-windows-x86_64