Last updated on 2025-11-16 01:49:23 CET.
| Flavor | Version | Tinstall | Tcheck | Ttotal | Status | Flags |
|---|---|---|---|---|---|---|
| r-devel-linux-x86_64-debian-clang | 1.0 | 31.06 | 264.15 | 295.21 | OK | |
| r-devel-linux-x86_64-debian-gcc | 1.0 | 24.06 | 189.92 | 213.98 | OK | |
| r-devel-linux-x86_64-fedora-clang | 1.0 | 76.00 | 402.78 | 478.78 | NOTE | |
| r-devel-linux-x86_64-fedora-gcc | 1.0 | 68.00 | 384.26 | 452.26 | NOTE | |
| r-devel-windows-x86_64 | 1.0 | 30.00 | 253.00 | 283.00 | OK | |
| r-patched-linux-x86_64 | 1.0 | 35.12 | 253.14 | 288.26 | OK | |
| r-release-linux-x86_64 | 1.0 | 31.80 | 253.14 | 284.94 | OK | |
| r-release-macos-arm64 | 1.0 | 12.00 | 131.00 | 143.00 | OK | |
| r-release-macos-x86_64 | 1.0 | 21.00 | 194.00 | 215.00 | OK | |
| r-release-windows-x86_64 | 1.0 | 28.00 | 230.00 | 258.00 | OK | |
| r-oldrel-macos-arm64 | 1.0 | 9.00 | 94.00 | 103.00 | OK | |
| r-oldrel-macos-x86_64 | 1.0 | 14.00 | 142.00 | 156.00 | OK | |
| r-oldrel-windows-x86_64 | 1.0 | 37.00 | 302.00 | 339.00 | OK |
Version: 1.0
Check: dependencies in R code
Result: NOTE
Namespace in Imports field not imported from: ‘magick’
All declared Imports should be used.
Flavors: r-devel-linux-x86_64-fedora-clang, r-devel-linux-x86_64-fedora-gcc