Last updated on 2025-11-15 03:50:19 CET.
| Flavor | Version | Tinstall | Tcheck | Ttotal | Status | Flags |
|---|---|---|---|---|---|---|
| r-devel-linux-x86_64-debian-clang | 1.1 | 9.39 | 94.73 | 104.12 | NOTE | |
| r-devel-linux-x86_64-debian-gcc | 1.1 | 7.32 | 68.31 | 75.63 | NOTE | |
| r-devel-linux-x86_64-fedora-clang | 1.1 | 21.00 | 153.83 | 174.83 | OK | |
| r-devel-linux-x86_64-fedora-gcc | 1.1 | 21.00 | 132.11 | 153.11 | OK | |
| r-devel-windows-x86_64 | 1.1 | 12.00 | 99.00 | 111.00 | OK | |
| r-patched-linux-x86_64 | 1.1 | 9.51 | 91.28 | 100.79 | OK | |
| r-release-linux-x86_64 | 1.1 | 9.74 | 90.65 | 100.39 | OK | |
| r-release-macos-arm64 | 1.1 | 4.00 | 34.00 | 38.00 | OK | |
| r-release-macos-x86_64 | 1.1 | 7.00 | 62.00 | 69.00 | OK | |
| r-release-windows-x86_64 | 1.1 | 10.00 | 90.00 | 100.00 | OK | |
| r-oldrel-macos-arm64 | 1.1 | 3.00 | 33.00 | 36.00 | OK | |
| r-oldrel-macos-x86_64 | 1.1 | 6.00 | 53.00 | 59.00 | OK | |
| r-oldrel-windows-x86_64 | 1.1 | 15.00 | 119.00 | 134.00 | OK |
Version: 1.1
Check: CRAN incoming feasibility
Result: NOTE
Maintainer: ‘Yikai Wang <johnzon.wyk@gmail.com>’
No Authors@R field in DESCRIPTION.
Please add one, modifying
Authors@R: c(person(given = "Yikai",
family = "Wang",
role = c("aut", "cre"),
email = "johnzon.wyk@gmail.com"),
person(given = "Xiao",
family = "Wang",
role = "aut"))
as necessary.
Flavors: r-devel-linux-x86_64-debian-clang, r-devel-linux-x86_64-debian-gcc