Last updated on 2025-11-16 01:49:23 CET.
| Flavor | Version | Tinstall | Tcheck | Ttotal | Status | Flags |
|---|---|---|---|---|---|---|
| r-devel-linux-x86_64-debian-clang | 0.0.5 | 74.97 | 168.81 | 243.78 | OK | |
| r-devel-linux-x86_64-debian-gcc | 0.0.5 | 50.83 | 117.66 | 168.49 | OK | |
| r-devel-linux-x86_64-fedora-clang | 0.0.5 | 90.00 | 329.62 | 419.62 | OK | |
| r-devel-linux-x86_64-fedora-gcc | 0.0.5 | 137.00 | 272.76 | 409.76 | OK | |
| r-devel-windows-x86_64 | 0.0.5 | 86.00 | 187.00 | 273.00 | OK | |
| r-patched-linux-x86_64 | 0.0.5 | 75.42 | 160.66 | 236.08 | OK | |
| r-release-linux-x86_64 | 0.0.5 | 72.26 | 162.01 | 234.27 | OK | |
| r-release-macos-arm64 | 0.0.5 | 28.00 | 65.00 | 93.00 | OK | |
| r-release-macos-x86_64 | 0.0.5 | 64.00 | 156.00 | 220.00 | OK | |
| r-release-windows-x86_64 | 0.0.5 | 79.00 | 192.00 | 271.00 | OK | |
| r-oldrel-macos-arm64 | 0.0.5 | 27.00 | 83.00 | 110.00 | NOTE | |
| r-oldrel-macos-x86_64 | 0.0.5 | 42.00 | 181.00 | 223.00 | NOTE | |
| r-oldrel-windows-x86_64 | 0.0.5 | 97.00 | 245.00 | 342.00 | OK |
Version: 0.0.5
Check: installed package size
Result: NOTE
installed size is 14.1Mb
sub-directories of 1Mb or more:
libs 13.4Mb
Flavors: r-oldrel-macos-arm64, r-oldrel-macos-x86_64