Last updated on 2024-08-16 01:48:25 CEST.
Flavor | Version | Tinstall | Tcheck | Ttotal | Status | Flags |
---|---|---|---|---|---|---|
r-devel-linux-x86_64-debian-clang | 0.1.1 | 6.34 | 53.01 | 59.35 | NOTE | |
r-devel-linux-x86_64-debian-gcc | 0.1.1 | 4.09 | 39.19 | 43.28 | NOTE | |
r-devel-linux-x86_64-fedora-clang | 0.1.1 | 95.36 | OK | |||
r-devel-linux-x86_64-fedora-gcc | 0.1.1 | 90.62 | OK | |||
r-devel-windows-x86_64 | 0.1.1 | 8.00 | 71.00 | 79.00 | NOTE | |
r-patched-linux-x86_64 | 0.1.1 | 9.37 | 51.66 | 61.03 | OK | |
r-release-linux-x86_64 | 0.1.1 | 5.17 | 52.73 | 57.90 | OK | |
r-release-macos-arm64 | 0.1.1 | 30.00 | OK | |||
r-release-macos-x86_64 | 0.1.1 | 49.00 | OK | |||
r-release-windows-x86_64 | 0.1.1 | 9.00 | 70.00 | 79.00 | OK | |
r-oldrel-macos-arm64 | 0.1.1 | 35.00 | OK | |||
r-oldrel-macos-x86_64 | 0.1.1 | 48.00 | OK | |||
r-oldrel-windows-x86_64 | 0.1.1 | 9.00 | 84.00 | 93.00 | OK |
Version: 0.1.1
Check: Rd cross-references
Result: NOTE
Found the following Rd file(s) with Rd \link{} targets missing package
anchors:
NanoIndent.OEFPIL.Rd: nlsLM
OEFPIL.Rd: nlsLM
Please provide package anchors for all Rd \link{} targets not in the
package itself and the base packages.
Flavors: r-devel-linux-x86_64-debian-clang, r-devel-linux-x86_64-debian-gcc, r-devel-windows-x86_64