Last updated on 2024-08-16 01:48:25 CEST.
Flavor | Version | Tinstall | Tcheck | Ttotal | Status | Flags |
---|---|---|---|---|---|---|
r-devel-linux-x86_64-debian-clang | 1.0.7 | 41.31 | 200.54 | 241.85 | OK | |
r-devel-linux-x86_64-debian-gcc | 1.0.7 | 33.40 | 102.34 | 135.74 | OK | |
r-devel-linux-x86_64-fedora-clang | 1.0.7 | 395.53 | OK | |||
r-devel-linux-x86_64-fedora-gcc | 1.0.7 | 422.36 | OK | |||
r-devel-windows-x86_64 | 1.0.7 | 49.00 | 188.00 | 237.00 | OK | |
r-patched-linux-x86_64 | 1.0.7 | 47.53 | 187.51 | 235.04 | OK | |
r-release-linux-x86_64 | 1.0.7 | 47.29 | 189.18 | 236.47 | OK | |
r-release-macos-arm64 | 1.0.7 | 82.00 | NOTE | |||
r-release-macos-x86_64 | 1.0.7 | 141.00 | NOTE | |||
r-release-windows-x86_64 | 1.0.7 | 49.00 | 190.00 | 239.00 | OK | |
r-oldrel-macos-arm64 | 1.0.7 | 104.00 | NOTE | |||
r-oldrel-macos-x86_64 | 1.0.7 | 355.00 | NOTE | |||
r-oldrel-windows-x86_64 | 1.0.7 | 59.00 | 271.00 | 330.00 | OK |
Version: 1.0.7
Check: installed package size
Result: NOTE
installed size is 10.1Mb
sub-directories of 1Mb or more:
libs 9.5Mb
Flavors: r-release-macos-arm64, r-release-macos-x86_64, r-oldrel-macos-arm64, r-oldrel-macos-x86_64