Last updated on 2024-08-16 01:48:25 CEST.
Flavor | Version | Tinstall | Tcheck | Ttotal | Status | Flags |
---|---|---|---|---|---|---|
r-devel-linux-x86_64-debian-clang | 1.2.14 | 22.27 | 222.82 | 245.09 | NOTE | |
r-devel-linux-x86_64-debian-gcc | 1.2.14 | 16.55 | 147.34 | 163.89 | NOTE | |
r-devel-linux-x86_64-fedora-clang | 1.2.14 | 403.40 | OK | |||
r-devel-linux-x86_64-fedora-gcc | 1.2.14 | 389.07 | OK | |||
r-devel-windows-x86_64 | 1.2.14 | 26.00 | 218.00 | 244.00 | NOTE | |
r-patched-linux-x86_64 | 1.2.14 | 25.28 | 209.51 | 234.79 | OK | |
r-release-linux-x86_64 | 1.2.14 | 25.63 | 211.06 | 236.69 | OK | |
r-release-macos-arm64 | 1.2.14 | 99.00 | OK | |||
r-release-macos-x86_64 | 1.2.14 | 177.00 | OK | |||
r-release-windows-x86_64 | 1.2.14 | 28.00 | 218.00 | 246.00 | OK | |
r-oldrel-macos-arm64 | 1.2.14 | 104.00 | OK | |||
r-oldrel-macos-x86_64 | 1.2.14 | 222.00 | OK | |||
r-oldrel-windows-x86_64 | 1.2.14 | 36.00 | 282.00 | 318.00 | OK |
Version: 1.2.14
Check: Rd cross-references
Result: NOTE
Found the following Rd file(s) with Rd \link{} targets missing package
anchors:
PCMOptions.Rd: vcv
PCMTreeVCV.Rd: vcv
Please provide package anchors for all Rd \link{} targets not in the
package itself and the base packages.
Flavors: r-devel-linux-x86_64-debian-clang, r-devel-linux-x86_64-debian-gcc, r-devel-windows-x86_64