Last updated on 2025-05-18 01:50:37 CEST.
Flavor | Version | Tinstall | Tcheck | Ttotal | Status | Flags |
---|---|---|---|---|---|---|
r-devel-linux-x86_64-debian-clang | 0.0.1 | 66.46 | 65.63 | 132.09 | NOTE | |
r-devel-linux-x86_64-debian-gcc | 0.0.1 | 54.89 | 50.55 | 105.44 | NOTE | |
r-devel-linux-x86_64-fedora-clang | 0.0.1 | 226.23 | OK | |||
r-devel-linux-x86_64-fedora-gcc | 0.0.1 | 280.89 | OK | |||
r-devel-windows-x86_64 | 0.0.1 | 61.00 | 97.00 | 158.00 | OK | |
r-patched-linux-x86_64 | 0.0.1 | 76.47 | 65.62 | 142.09 | OK | |
r-release-linux-x86_64 | 0.0.1 | 73.47 | 63.94 | 137.41 | OK | |
r-release-macos-arm64 | 0.0.1 | 61.00 | OK | |||
r-release-macos-x86_64 | 0.0.1 | 137.00 | OK | |||
r-release-windows-x86_64 | 0.0.1 | 64.00 | 108.00 | 172.00 | OK | |
r-oldrel-macos-arm64 | 0.0.1 | 53.00 | NOTE | |||
r-oldrel-macos-x86_64 | 0.0.1 | 92.00 | NOTE | |||
r-oldrel-windows-x86_64 | 0.0.1 | 76.00 | 130.00 | 206.00 | OK |
Version: 0.0.1
Check: CRAN incoming feasibility
Result: NOTE
Maintainer: ‘S. Varet <suzanne.varet@universite-paris-saclay.fr>’
No Authors@R field in DESCRIPTION.
Please add one, modifying
Authors@R: person(given = "S.",
family = "Varet",
role = c("aut", "cre"),
email = "suzanne.varet@universite-paris-saclay.fr")
as necessary.
Flavors: r-devel-linux-x86_64-debian-clang, r-devel-linux-x86_64-debian-gcc
Version: 0.0.1
Check: installed package size
Result: NOTE
installed size is 36.6Mb
sub-directories of 1Mb or more:
libs 36.4Mb
Flavors: r-oldrel-macos-arm64, r-oldrel-macos-x86_64