Last updated on 2024-08-16 01:48:25 CEST.
Flavor | Version | Tinstall | Tcheck | Ttotal | Status | Flags |
---|---|---|---|---|---|---|
r-devel-linux-x86_64-debian-clang | 0.1.0 | 2.41 | 41.78 | 44.19 | OK | |
r-devel-linux-x86_64-debian-gcc | 0.1.0 | 1.63 | 27.70 | 29.33 | OK | |
r-devel-linux-x86_64-fedora-clang | 0.1.0 | 71.73 | NOTE | |||
r-devel-linux-x86_64-fedora-gcc | 0.1.0 | 80.15 | OK | |||
r-devel-windows-x86_64 | 0.1.0 | 3.00 | 67.00 | 70.00 | OK | |
r-patched-linux-x86_64 | 0.1.0 | 2.28 | 39.05 | 41.33 | OK | |
r-release-linux-x86_64 | 0.1.0 | 2.25 | 40.09 | 42.34 | OK | |
r-release-macos-arm64 | 0.1.0 | 27.00 | OK | |||
r-release-macos-x86_64 | 0.1.0 | 44.00 | OK | |||
r-release-windows-x86_64 | 0.1.0 | 3.00 | 66.00 | 69.00 | OK | |
r-oldrel-macos-arm64 | 0.1.0 | 29.00 | OK | |||
r-oldrel-macos-x86_64 | 0.1.0 | 47.00 | OK | |||
r-oldrel-windows-x86_64 | 0.1.0 | 3.00 | 72.00 | 75.00 | OK |
Version: 0.1.0
Check: Rd cross-references
Result: NOTE
Undeclared package ‘aricode’ in Rd xrefs
Flavor: r-devel-linux-x86_64-fedora-clang